Last updated on 2022-05-26 09:53:26 CEST.
Flavor | Version | Tinstall | Tcheck | Ttotal | Status | Flags |
---|---|---|---|---|---|---|
r-devel-linux-x86_64-debian-clang | 2.0.1 | 9.72 | 124.98 | 134.70 | OK | |
r-devel-linux-x86_64-debian-gcc | 2.0.1 | 8.59 | 106.24 | 114.83 | OK | |
r-devel-linux-x86_64-fedora-clang | 2.0.1 | 161.05 | NOTE | |||
r-devel-linux-x86_64-fedora-gcc | 2.0.1 | 144.78 | OK | |||
r-devel-windows-x86_64 | 2.0.1 | 21.00 | 139.00 | 160.00 | OK | |
r-patched-linux-x86_64 | 2.0.1 | 14.26 | 117.80 | 132.06 | OK | |
r-release-linux-x86_64 | 2.0.1 | OK | ||||
r-release-macos-arm64 | 2.0.1 | 42.00 | OK | |||
r-release-macos-x86_64 | 2.0.1 | 87.00 | OK | |||
r-release-windows-x86_64 | 2.0.1 | 20.00 | 135.00 | 155.00 | OK | |
r-oldrel-macos-arm64 | 2.0.1 | 49.00 | OK | |||
r-oldrel-macos-x86_64 | 2.0.1 | 87.00 | OK | |||
r-oldrel-windows-ix86+x86_64 | 2.0.1 | 25.00 | 131.00 | 156.00 | OK |
Version: 2.0.1
Check: Rd cross-references
Result: NOTE
Undeclared package ‘gam’ in Rd xrefs
Flavor: r-devel-linux-x86_64-fedora-clang