CRAN Package Check Results for Package odkr

Last updated on 2018-05-25 22:47:52 CEST.

Flavor Version Tinstall Tcheck Ttotal Status Flags
r-devel-linux-x86_64-debian-clang 0.1.3 6.23 112.70 118.93 OK
r-devel-linux-x86_64-debian-gcc 0.1.3 4.36 88.30 92.66 OK
r-devel-linux-x86_64-fedora-clang 0.1.3 138.03 OK
r-devel-linux-x86_64-fedora-gcc 0.1.3 135.42 OK
r-devel-windows-ix86+x86_64 0.1.3 12.00 152.00 164.00 OK
r-patched-linux-x86_64 0.1.3 3.75 99.63 103.38 OK
r-patched-solaris-x86 0.1.3 134.20 ERROR
r-release-linux-x86_64 0.1.3 5.06 98.90 103.96 OK
r-release-windows-ix86+x86_64 0.1.3 15.00 254.00 269.00 OK
r-release-osx-x86_64 0.1.3 OK
r-oldrel-windows-ix86+x86_64 0.1.3 19.00 140.00 159.00 OK
r-oldrel-osx-x86_64 0.1.3 OK

Check Details

Version: 0.1.3
Check: tests
Result: ERROR
     Running ‘testthat.R’ [9s/123s]
    Running the tests in ‘tests/testthat.R’ failed.
    Complete output:
     > library(testthat)
     > library(odkr)
     >
     > test_check("odkr")
     trying URL 'https://opendatakit.org/download/4476/'
     Content type 'binary/octet-stream' length 6711246 bytes (6.4 MB)
     ==================================================
     downloaded 6.4 MB
    
     Exception in thread "main" java.lang.UnsupportedClassVersionError: org/opendatakit/briefcase/Launcher : Unsupported major.minor version 52.0
     at java.lang.ClassLoader.defineClass1(Native Method)
     at java.lang.ClassLoader.defineClass(ClassLoader.java:800)
     at java.security.SecureClassLoader.defineClass(SecureClassLoader.java:142)
     at java.net.URLClassLoader.defineClass(URLClassLoader.java:449)
     at java.net.URLClassLoader.access$100(URLClassLoader.java:71)
     at java.net.URLClassLoader$1.run(URLClassLoader.java:361)
     at java.net.URLClassLoader$1.run(URLClassLoader.java:355)
     at java.security.AccessController.doPrivileged(Native Method)
     at java.net.URLClassLoader.findClass(URLClassLoader.java:354)
     at java.lang.ClassLoader.loadClass(ClassLoader.java:425)
     at java.lang.ClassLoader.loadClass(ClassLoader.java:358)
     at java.lang.Class.forName0(Native Method)
     at java.lang.Class.forName(Class.java:270)
     at org.eclipse.jdt.internal.jarinjarloader.JarRsrcLoader.main(JarRsrcLoader.java:56)
     Exception in thread "main" java.lang.UnsupportedClassVersionError: org/opendatakit/briefcase/Launcher : Unsupported major.minor version 52.0
     at java.lang.ClassLoader.defineClass1(Native Method)
     at java.lang.ClassLoader.defineClass(ClassLoader.java:800)
     at java.security.SecureClassLoader.defineClass(SecureClassLoader.java:142)
     at java.net.URLClassLoader.defineClass(URLClassLoader.java:449)
     at java.net.URLClassLoader.access$100(URLClassLoader.java:71)
     at java.net.URLClassLoader$1.run(URLClassLoader.java:361)
     at java.net.URLClassLoader$1.run(URLClassLoader.java:355)
     at java.security.AccessController.doPrivileged(Native Method)
     at java.net.URLClassLoader.findClass(URLClassLoader.java:354)
     at java.lang.ClassLoader.loadClass(ClassLoader.java:425)
     at java.lang.ClassLoader.loadClass(ClassLoader.java:358)
     at java.lang.Class.forName0(Native Method)
     at java.lang.Class.forName(Class.java:270)
     at org.eclipse.jdt.internal.jarinjarloader.JarRsrcLoader.main(JarRsrcLoader.java:56)
     ── 1. Failure: Output CSV data exists (@test_export_data.R#23) ────────────────
     file.exists(paste(dirPath, "/test.csv", sep = "")) isn't true.
    
     trying URL 'https://opendatakit.org/download/4476/'
     Content type 'binary/octet-stream' length 6711246 bytes (6.4 MB)
     ==================================================
     downloaded 6.4 MB
    
     Exception in thread "main" java.lang.UnsupportedClassVersionError: org/opendatakit/briefcase/Launcher : Unsupported major.minor version 52.0
     at java.lang.ClassLoader.defineClass1(Native Method)
     at java.lang.ClassLoader.defineClass(ClassLoader.java:800)
     at java.security.SecureClassLoader.defineClass(SecureClassLoader.java:142)
     at java.net.URLClassLoader.defineClass(URLClassLoader.java:449)
     at java.net.URLClassLoader.access$100(URLClassLoader.java:71)
     at java.net.URLClassLoader$1.run(URLClassLoader.java:361)
     at java.net.URLClassLoader$1.run(URLClassLoader.java:355)
     at java.security.AccessController.doPrivileged(Native Method)
     at java.net.URLClassLoader.findClass(URLClassLoader.java:354)
     at java.lang.ClassLoader.loadClass(ClassLoader.java:425)
     at java.lang.ClassLoader.loadClass(ClassLoader.java:358)
     at java.lang.Class.forName0(Native Method)
     at java.lang.Class.forName(Class.java:270)
     at org.eclipse.jdt.internal.jarinjarloader.JarRsrcLoader.main(JarRsrcLoader.java:56)
     trying URL 'https://opendatakit.org/download/4476/'
     Content type 'application/octet-stream' length 6711246 bytes (6.4 MB)
     ==================================================
     downloaded 6.4 MB
    
     Exception in thread "main" java.lang.UnsupportedClassVersionError: org/opendatakit/briefcase/Launcher : Unsupported major.minor version 52.0
     at java.lang.ClassLoader.defineClass1(Native Method)
     at java.lang.ClassLoader.defineClass(ClassLoader.java:800)
     at java.security.SecureClassLoader.defineClass(SecureClassLoader.java:142)
     at java.net.URLClassLoader.defineClass(URLClassLoader.java:449)
     at java.net.URLClassLoader.access$100(URLClassLoader.java:71)
     at java.net.URLClassLoader$1.run(URLClassLoader.java:361)
     at java.net.URLClassLoader$1.run(URLClassLoader.java:355)
     at java.security.AccessController.doPrivileged(Native Method)
     at java.net.URLClassLoader.findClass(URLClassLoader.java:354)
     at java.lang.ClassLoader.loadClass(ClassLoader.java:425)
     at java.lang.ClassLoader.loadClass(ClassLoader.java:358)
     at java.lang.Class.forName0(Native Method)
     at java.lang.Class.forName(Class.java:270)
     at org.eclipse.jdt.internal.jarinjarloader.JarRsrcLoader.main(JarRsrcLoader.java:56)
     ── 2. Failure: ODK Briefcase Storage exists (@test_pull_local.R#13) ───────────
     file.exists(paste(dirPath, "/ODK Briefcase Storage", sep = "")) isn't true.
    
     trying URL 'https://opendatakit.org/download/4476/'
     Content type 'binary/octet-stream' length 6711246 bytes (6.4 MB)
     ==================================================
     downloaded 6.4 MB
    
     Exception in thread "main" java.lang.UnsupportedClassVersionError: org/opendatakit/briefcase/Launcher : Unsupported major.minor version 52.0
     at java.lang.ClassLoader.defineClass1(Native Method)
     at java.lang.ClassLoader.defineClass(ClassLoader.java:800)
     at java.security.SecureClassLoader.defineClass(SecureClassLoader.java:142)
     at java.net.URLClassLoader.defineClass(URLClassLoader.java:449)
     at java.net.URLClassLoader.access$100(URLClassLoader.java:71)
     at java.net.URLClassLoader$1.run(URLClassLoader.java:361)
     at java.net.URLClassLoader$1.run(URLClassLoader.java:355)
     at java.security.AccessController.doPrivileged(Native Method)
     at java.net.URLClassLoader.findClass(URLClassLoader.java:354)
     at java.lang.ClassLoader.loadClass(ClassLoader.java:425)
     at java.lang.ClassLoader.loadClass(ClassLoader.java:358)
     at java.lang.Class.forName0(Native Method)
     at java.lang.Class.forName(Class.java:270)
     at org.eclipse.jdt.internal.jarinjarloader.JarRsrcLoader.main(JarRsrcLoader.java:56)
     ── 3. Failure: ODK Briefcase Storage exists (@test_pull_remote.R#15) ──────────
     file.exists(paste(dirPath, "/ODK Briefcase Storage", sep = "")) isn't true.
    
     ══ testthat results ═══════════════════════════════════════════════════════════
     OK: 7 SKIPPED: 0 FAILED: 3
     1. Failure: Output CSV data exists (@test_export_data.R#23)
     2. Failure: ODK Briefcase Storage exists (@test_pull_local.R#13)
     3. Failure: ODK Briefcase Storage exists (@test_pull_remote.R#15)
    
     Error: testthat unit tests failed
     Execution halted
Flavor: r-patched-solaris-x86