CRAN Package Check Results for Package oem

Last updated on 2019-09-19 13:46:16 CEST.

Flavor Version Tinstall Tcheck Ttotal Status Flags
r-devel-linux-x86_64-debian-clang 2.0.9 312.21 203.33 515.54 NOTE
r-devel-linux-x86_64-debian-gcc 2.0.9 294.60 167.65 462.25 WARN
r-devel-linux-x86_64-fedora-clang 2.0.9 709.78 WARN
r-devel-linux-x86_64-fedora-gcc 2.0.9 767.18 WARN
r-devel-windows-ix86+x86_64 2.0.9 658.00 347.00 1005.00 OK
r-patched-linux-x86_64 2.0.9 310.91 206.01 516.92 NOTE
r-patched-solaris-x86 2.0.9 912.40 OK
r-release-linux-x86_64 2.0.9 310.95 212.10 523.05 NOTE
r-release-windows-ix86+x86_64 2.0.9 470.00 253.00 723.00 OK
r-release-osx-x86_64 2.0.9 NOTE
r-oldrel-windows-ix86+x86_64 2.0.9 465.00 275.00 740.00 OK
r-oldrel-osx-x86_64 2.0.9 NOTE

Check Details

Version: 2.0.9
Check: use of SHLIB_OPENMP_*FLAGS in Makefiles
Result: NOTE
     src/Makevars: SHLIB_OPENMP_CFLAGS is included in PKG_LIBS but linking is by C++
    Use of these macros is discussed in sect 1.2.1.1 of 'Writing R
    Extensions'. The macros for different languages may differ so the
    matching macro must be used in PKG_CXXFLAGS (etc) and match that used
    in PKG_LIBS (except for Fortran: see the manual).
Flavors: r-devel-linux-x86_64-debian-clang, r-devel-linux-x86_64-debian-gcc, r-devel-linux-x86_64-fedora-clang, r-devel-linux-x86_64-fedora-gcc, r-patched-linux-x86_64, r-release-linux-x86_64

Version: 2.0.9
Check: for non-standard things in the check directory
Result: NOTE
    Found the following files/directories:
     'bigmat.bk' 'bigmatk.desc'
Flavors: r-devel-linux-x86_64-debian-clang, r-devel-linux-x86_64-debian-gcc, r-devel-linux-x86_64-fedora-clang, r-devel-linux-x86_64-fedora-gcc

Version: 2.0.9
Check: whether package can be installed
Result: WARN
    Found the following significant warnings:
     oem_dense.h:10:36: warning: statement has no effect [-Wunused-value]
     oem_logistic_dense.h:10:36: warning: statement has no effect [-Wunused-value]
     oem_logistic_sparse.h:10:36: warning: statement has no effect [-Wunused-value]
     oem_sparse.h:10:36: warning: statement has no effect [-Wunused-value]
     oem_xval_dense.h:10:36: warning: statement has no effect [-Wunused-value]
Flavor: r-devel-linux-x86_64-debian-gcc

Version: 2.0.9
Check: whether package can be installed
Result: WARN
    Found the following significant warnings:
     ./DataStd.h:180:60: warning: 'bind2nd<std::__1::minus<double>, double>' is deprecated [-Wdeprecated-declarations]
     ./DataStd.h:182:60: warning: 'bind2nd<std::__1::multiplies<double>, double>' is deprecated [-Wdeprecated-declarations]
     ./DataStd.h:225:64: warning: 'bind2nd<std::__1::minus<double>, double>' is deprecated [-Wdeprecated-declarations]
     ./DataStd.h:227:64: warning: 'bind2nd<std::__1::multiplies<double>, double>' is deprecated [-Wdeprecated-declarations]
Flavor: r-devel-linux-x86_64-fedora-clang

Version: 2.0.9
Check: installed package size
Result: NOTE
     installed size is 85.3Mb
     sub-directories of 1Mb or more:
     libs 84.8Mb
Flavors: r-devel-linux-x86_64-fedora-clang, r-release-osx-x86_64, r-oldrel-osx-x86_64

Version: 2.0.9
Check: whether package can be installed
Result: WARN
    Found the following significant warnings:
     oem_dense.h:10:36: warning: statement has no effect [-Wunused-value]
     oem_logistic_sparse.h:10:36: warning: statement has no effect [-Wunused-value]
     oem_logistic_dense.h:10:36: warning: statement has no effect [-Wunused-value]
     oem_sparse.h:10:36: warning: statement has no effect [-Wunused-value]
     oem_xval_dense.h:10:36: warning: statement has no effect [-Wunused-value]
Flavor: r-devel-linux-x86_64-fedora-gcc