CRAN Package Check Results for Package oem

Last updated on 2022-12-02 09:53:01 CET.

Flavor Version Tinstall Tcheck Ttotal Status Flags
r-devel-linux-x86_64-debian-clang 2.0.11 388.23 220.45 608.68 OK
r-devel-linux-x86_64-debian-gcc 2.0.11 330.93 174.04 504.97 OK
r-devel-linux-x86_64-fedora-clang 2.0.11 794.71 OK
r-devel-linux-x86_64-fedora-gcc 2.0.11 842.92 OK
r-devel-windows-x86_64 2.0.11 261.00 298.00 559.00 OK
r-patched-linux-x86_64 2.0.11 349.40 225.11 574.51 OK
r-release-linux-x86_64 2.0.11 331.26 224.88 556.14 OK
r-release-macos-arm64 2.0.11 225.00 NOTE
r-release-macos-x86_64 2.0.11 295.00 NOTE
r-release-windows-x86_64 2.0.11 261.00 338.00 599.00 OK
r-oldrel-macos-arm64 2.0.11 226.00 NOTE
r-oldrel-macos-x86_64 2.0.11 291.00 NOTE
r-oldrel-windows-ix86+x86_64 2.0.11 792.00 324.00 1116.00 NOTE

Check Details

Version: 2.0.11
Check: installed package size
Result: NOTE
     installed size is 99.2Mb
     sub-directories of 1Mb or more:
     libs 98.2Mb
Flavors: r-release-macos-arm64, r-release-macos-x86_64, r-oldrel-macos-arm64, r-oldrel-macos-x86_64, r-oldrel-windows-ix86+x86_64