CRAN Package Check Results for Package offlineChange

Last updated on 2022-05-27 16:50:53 CEST.

Flavor Version Tinstall Tcheck Ttotal Status Flags
r-devel-linux-x86_64-debian-clang 0.0.4 24.27 48.85 73.12 NOTE
r-devel-linux-x86_64-debian-gcc 0.0.4 19.02 37.12 56.14 NOTE
r-devel-linux-x86_64-fedora-clang 0.0.4 98.89 NOTE
r-devel-linux-x86_64-fedora-gcc 0.0.4 78.30 NOTE
r-devel-windows-x86_64 0.0.4 60.00 84.00 144.00 NOTE
r-patched-linux-x86_64 0.0.4 21.65 46.54 68.19 NOTE
r-release-linux-x86_64 0.0.4 17.35 46.47 63.82 NOTE
r-release-macos-arm64 0.0.4 27.00 NOTE
r-release-macos-x86_64 0.0.4 38.00 NOTE
r-release-windows-x86_64 0.0.4 64.00 82.00 146.00 NOTE
r-oldrel-macos-arm64 0.0.4 32.00 NOTE
r-oldrel-macos-x86_64 0.0.4 40.00 NOTE
r-oldrel-windows-ix86+x86_64 0.0.4 56.00 83.00 139.00 NOTE

Check Details

Version: 0.0.4
Check: LazyData
Result: NOTE
     'LazyData' is specified without a 'data' directory
Flavors: r-devel-linux-x86_64-debian-clang, r-devel-linux-x86_64-debian-gcc, r-devel-linux-x86_64-fedora-clang, r-devel-linux-x86_64-fedora-gcc, r-devel-windows-x86_64, r-patched-linux-x86_64, r-release-linux-x86_64, r-release-macos-arm64, r-release-macos-x86_64, r-release-windows-x86_64, r-oldrel-macos-arm64, r-oldrel-macos-x86_64, r-oldrel-windows-ix86+x86_64