CRAN Package Check Results for Package ohoegdm

Last updated on 2024-02-27 14:49:32 CET.

Flavor Version Tinstall Tcheck Ttotal Status Flags
r-devel-linux-x86_64-debian-clang 0.1.0 51.17 29.30 80.47 NOTE
r-devel-linux-x86_64-debian-gcc 0.1.0 36.24 22.93 59.17 NOTE
r-devel-linux-x86_64-fedora-clang 0.1.0 103.06 NOTE
r-devel-linux-x86_64-fedora-gcc 0.1.0 109.44 NOTE
r-devel-windows-x86_64 0.1.0 36.00 64.00 100.00 NOTE
r-patched-linux-x86_64 0.1.0 49.69 29.34 79.03 NOTE
r-release-linux-x86_64 0.1.0 42.23 28.93 71.16 NOTE
r-release-macos-arm64 0.1.0 30.00 NOTE
r-release-macos-x86_64 0.1.0 49.00 NOTE
r-release-windows-x86_64 0.1.0 46.00 74.00 120.00 NOTE
r-oldrel-macos-arm64 0.1.0 31.00 OK
r-oldrel-windows-x86_64 0.1.0 42.00 76.00 118.00 OK

Check Details

Version: 0.1.0
Check: C++ specification
Result: NOTE Specified C++11: please drop specification unless essential Flavors: r-devel-linux-x86_64-debian-clang, r-devel-linux-x86_64-debian-gcc, r-devel-linux-x86_64-fedora-clang, r-devel-linux-x86_64-fedora-gcc, r-devel-windows-x86_64, r-patched-linux-x86_64, r-release-linux-x86_64, r-release-macos-arm64, r-release-macos-x86_64, r-release-windows-x86_64