Last updated on 2023-10-01 12:00:44 CEST.
Flavor | Version | Tinstall | Tcheck | Ttotal | Status | Flags |
---|---|---|---|---|---|---|
r-devel-linux-x86_64-debian-clang | 1.0.0 | 14.90 | 264.39 | 279.29 | OK | |
r-devel-linux-x86_64-debian-gcc | 1.0.0 | 12.22 | 195.84 | 208.06 | OK | |
r-devel-linux-x86_64-fedora-clang | 1.0.0 | 350.29 | NOTE | |||
r-devel-linux-x86_64-fedora-gcc | 1.0.0 | 340.76 | OK | |||
r-devel-windows-x86_64 | 1.0.0 | 13.00 | 258.00 | 271.00 | NOTE | |
r-patched-linux-x86_64 | 1.0.0 | 12.26 | 253.39 | 265.65 | OK | |
r-release-linux-x86_64 | 1.0.0 | 9.49 | 259.96 | 269.45 | OK | |
r-release-macos-arm64 | 1.0.0 | 127.00 | NOTE | |||
r-release-macos-x86_64 | 1.0.0 | 302.00 | NOTE | |||
r-release-windows-x86_64 | 1.0.0 | 17.00 | 299.00 | 316.00 | NOTE | |
r-oldrel-macos-arm64 | 1.0.0 | 165.00 | NOTE | |||
r-oldrel-macos-x86_64 | 1.0.0 | 182.00 | ERROR | |||
r-oldrel-windows-x86_64 | 1.0.0 | 18.00 | 374.00 | 392.00 | NOTE |
Version: 1.0.0
Check: installed package size
Result: NOTE
installed size is 8.4Mb
sub-directories of 1Mb or more:
doc 7.7Mb
Flavors: r-devel-linux-x86_64-fedora-clang, r-devel-windows-x86_64, r-release-macos-arm64, r-release-macos-x86_64, r-release-windows-x86_64, r-oldrel-macos-arm64, r-oldrel-windows-x86_64
Version: 1.0.0
Check: whether package can be installed
Result: ERROR
Installation failed.
Flavor: r-oldrel-macos-x86_64