Last updated on 2021-03-07 21:48:54 CET.
Flavor | Version | Tinstall | Tcheck | Ttotal | Status | Flags |
---|---|---|---|---|---|---|
r-devel-linux-x86_64-debian-clang | 0.1.2 | 2.79 | 62.07 | 64.86 | OK | |
r-devel-linux-x86_64-debian-gcc | 0.1.2 | 2.30 | 47.44 | 49.74 | OK | |
r-devel-linux-x86_64-fedora-clang | 0.1.2 | 67.27 | OK | |||
r-devel-linux-x86_64-fedora-gcc | 0.1.2 | 57.54 | OK | |||
r-devel-windows-ix86+x86_64 | 0.1.2 | 6.00 | 765.00 | 771.00 | WARN | |
r-devel-windows-x86_64-gcc10-UCRT | 0.1.2 | OK | ||||
r-patched-linux-x86_64 | 0.1.2 | 2.85 | 59.83 | 62.68 | OK | |
r-patched-solaris-x86 | 0.1.2 | 82.60 | OK | |||
r-release-linux-x86_64 | 0.1.2 | 2.67 | 60.34 | 63.01 | OK | |
r-release-macos-x86_64 | 0.1.2 | OK | ||||
r-release-windows-ix86+x86_64 | 0.1.2 | 6.00 | 749.00 | 755.00 | WARN | |
r-oldrel-macos-x86_64 | 0.1.2 | OK | ||||
r-oldrel-windows-ix86+x86_64 | 0.1.2 | 3.00 | 775.00 | 778.00 | WARN |
Version: 0.1.2
Check: re-building of vignette outputs
Result: WARN
Error(s) in re-building vignettes:
--- re-building 'ojsr-vignette.Rmd' using rmarkdown
Quitting from lines 260-268 (ojsr-vignette.Rmd)
Error: processing vignette 'ojsr-vignette.Rmd' failed with diagnostics:
object 'record' not found
--- failed re-building 'ojsr-vignette.Rmd'
SUMMARY: processing the following file failed:
'ojsr-vignette.Rmd'
Error: Vignette re-building failed.
Execution halted
Flavors: r-devel-windows-ix86+x86_64, r-release-windows-ix86+x86_64, r-oldrel-windows-ix86+x86_64