CRAN Package Check Results for Package oncrawlR

Last updated on 2020-02-18 05:48:13 CET.

Flavor Version Tinstall Tcheck Ttotal Status Flags
r-devel-linux-x86_64-debian-clang 0.2.0 3.73 36.00 39.73 OK
r-devel-linux-x86_64-debian-gcc 0.2.0 3.31 28.01 31.32 OK
r-devel-linux-x86_64-fedora-clang 0.2.0 49.25 NOTE
r-devel-linux-x86_64-fedora-gcc 0.2.0 46.67 NOTE
r-devel-windows-ix86+x86_64 0.2.0 13.00 50.00 63.00 OK
r-devel-windows-ix86+x86_64-gcc8 0.1.8 22.00 76.00 98.00 OK
r-patched-linux-x86_64 0.2.0 3.53 31.39 34.92 OK
r-patched-solaris-x86 0.2.0 67.60 NOTE
r-release-linux-x86_64 0.2.0 3.12 31.58 34.70 OK
r-release-windows-ix86+x86_64 0.2.0 11.00 52.00 63.00 OK
r-release-osx-x86_64 0.2.0 NOTE
r-oldrel-windows-ix86+x86_64 0.2.0 5.00 50.00 55.00 OK
r-oldrel-osx-x86_64 0.2.0 NOTE

Check Details

Version: 0.2.0
Check: package dependencies
Result: NOTE
    Imports includes 21 non-default packages.
    Importing from so many packages makes the package vulnerable to any of
    them becoming unavailable. Move as many as possible to Suggests and
    use conditionally.
Flavor: r-devel-linux-x86_64-fedora-clang

Version: 0.2.0
Check: dependencies in R code
Result: NOTE
    Namespaces in Imports field not imported from:
     ‘e1071’ ‘fs’ ‘pdp’
     All declared Imports should be used.
Flavors: r-devel-linux-x86_64-fedora-clang, r-devel-linux-x86_64-fedora-gcc, r-patched-solaris-x86, r-release-osx-x86_64, r-oldrel-osx-x86_64