CRAN Package Check Results for Package oncrawlR

Last updated on 2019-09-23 12:47:58 CEST.

Flavor Version Tinstall Tcheck Ttotal Status Flags
r-devel-linux-x86_64-debian-clang 0.1.6 3.52 31.71 35.23 OK
r-devel-linux-x86_64-debian-gcc 0.1.6 3.04 25.51 28.55 OK
r-devel-linux-x86_64-fedora-clang 0.1.6 42.82 NOTE
r-devel-linux-x86_64-fedora-gcc 0.1.6 42.11 NOTE
r-devel-windows-ix86+x86_64 0.1.6 22.00 77.00 99.00 OK
r-patched-linux-x86_64 0.1.6 3.28 31.56 34.84 OK
r-patched-solaris-x86 0.1.6 65.80 NOTE
r-release-linux-x86_64 0.1.6 3.40 31.44 34.84 OK
r-release-windows-ix86+x86_64 0.1.6 15.00 77.00 92.00 OK
r-release-osx-x86_64 0.1.6 NOTE
r-oldrel-windows-ix86+x86_64 0.1.6 5.00 50.00 55.00 OK
r-oldrel-osx-x86_64 0.1.6 NOTE

Check Details

Version: 0.1.6
Check: dependencies in R code
Result: NOTE
    Namespaces in Imports field not imported from:
     ‘e1071’ ‘fs’ ‘pdp’
     All declared Imports should be used.
Flavors: r-devel-linux-x86_64-fedora-clang, r-devel-linux-x86_64-fedora-gcc, r-patched-solaris-x86, r-release-osx-x86_64, r-oldrel-osx-x86_64