CRAN Package Check Results for Package onemap

Last updated on 2019-11-19 08:47:26 CET.

Flavor Version Tinstall Tcheck Ttotal Status Flags
r-devel-linux-x86_64-debian-clang 2.1.2 68.91 147.39 216.30 OK --no-vignettes
r-devel-linux-x86_64-debian-gcc 2.1.2 51.47 117.56 169.03 OK --no-vignettes
r-devel-linux-x86_64-fedora-clang 2.1.2 1092.82 NOTE
r-devel-linux-x86_64-fedora-gcc 2.1.2 1008.08 NOTE
r-devel-windows-ix86+x86_64 2.1.2 225.00 775.00 1000.00 OK
r-devel-windows-ix86+x86_64-gcc8 2.1.2 165.00 751.00 916.00 NOTE
r-patched-linux-x86_64 2.1.2 55.58 138.85 194.43 OK --no-vignettes
r-patched-solaris-x86 2.1.2 377.00 OK --no-vignettes
r-release-linux-x86_64 2.1.2 54.32 137.29 191.61 OK --no-vignettes
r-release-windows-ix86+x86_64 2.1.2 137.00 858.00 995.00 NOTE
r-release-osx-x86_64 2.1.2 WARN
r-oldrel-windows-ix86+x86_64 2.1.1 135.00 625.00 760.00 OK
r-oldrel-osx-x86_64 2.1.2 ERROR

Additional issues

clang-UBSAN

Check Details

Version: 2.1.2
Check: installed package size
Result: NOTE
     installed size is 6.0Mb
     sub-directories of 1Mb or more:
     doc 2.0Mb
     libs 2.8Mb
Flavors: r-devel-linux-x86_64-fedora-clang, r-devel-windows-ix86+x86_64-gcc8, r-release-windows-ix86+x86_64

Version: 2.1.2
Check: compiled code
Result: NOTE
    File ‘onemap/libs/onemap.so’:
     Found no calls to: ‘R_registerRoutines’, ‘R_useDynamicSymbols’
    
    It is good practice to register native routines and to disable symbol
    search.
    
    See ‘Writing portable packages’ in the ‘Writing R Extensions’ manual.
Flavors: r-devel-linux-x86_64-fedora-clang, r-devel-linux-x86_64-fedora-gcc

Version: 2.1.2
Check: whether package can be installed
Result: WARN
    Found the following significant warnings:
     Warning: 'rgl_init' failed, running with rgl.useNULL = TRUE
Flavor: r-release-osx-x86_64

Version: 2.1.2
Check: dependencies in R code
Result: NOTE
    No protocol specified
Flavor: r-release-osx-x86_64

Version: 2.1.2
Check: S3 generic/method consistency
Result: WARN
    No protocol specified
    See section ‘Generic functions and methods’ in the ‘Writing R
    Extensions’ manual.
Flavor: r-release-osx-x86_64

Version: 2.1.2
Check: replacement functions
Result: WARN
    No protocol specified
    The argument of a replacement function which corresponds to the right
    hand side must be named ‘value’.
Flavor: r-release-osx-x86_64

Version: 2.1.2
Check: foreign function calls
Result: NOTE
    No protocol specified
    See chapter ‘System and foreign language interfaces’ in the ‘Writing R
    Extensions’ manual.
Flavor: r-release-osx-x86_64

Version: 2.1.2
Check: R code for possible problems
Result: NOTE
    No protocol specified
Flavor: r-release-osx-x86_64

Version: 2.1.2
Check: for missing documentation entries
Result: WARN
    No protocol specified
    All user-level objects in a package should have documentation entries.
    See chapter ‘Writing R documentation files’ in the ‘Writing R
    Extensions’ manual.
Flavor: r-release-osx-x86_64

Version: 2.1.2
Check: for code/documentation mismatches
Result: WARN
    No protocol specified
    No protocol specified
    No protocol specified
Flavor: r-release-osx-x86_64

Version: 2.1.2
Check: Rd \usage sections
Result: NOTE
    No protocol specified
    The \usage entries for S3 methods should use the \method markup and not
    their full name.
    See chapter ‘Writing R documentation files’ in the ‘Writing R
    Extensions’ manual.
Flavor: r-release-osx-x86_64

Version: 2.1.2
Check: whether package can be installed
Result: ERROR
    Installation failed.
Flavor: r-oldrel-osx-x86_64