CRAN Package Check Results for Package onion

Last updated on 2024-04-17 03:51:19 CEST.

Flavor Version Tinstall Tcheck Ttotal Status Flags
r-devel-linux-x86_64-debian-clang 1.5-3 19.86 221.22 241.08 OK
r-devel-linux-x86_64-debian-gcc 1.5-3 17.20 161.12 178.32 OK
r-devel-linux-x86_64-fedora-clang 1.5-3 295.58 OK
r-devel-linux-x86_64-fedora-gcc 1.5-3 300.00 OK
r-prerel-macos-arm64 1.5-3 94.00 WARN
r-prerel-macos-x86_64 1.5-3 301.00 OK
r-prerel-windows-x86_64 1.5-3 21.00 186.00 207.00 OK
r-patched-linux-x86_64 1.5-3 22.67 208.72 231.39 OK
r-release-linux-x86_64 1.5-3 25.56 210.27 235.83 OK
r-release-macos-arm64 1.5-3 101.00 NOTE
r-release-macos-x86_64 1.5-3 234.00 OK
r-release-windows-x86_64 1.5-3 27.00 228.00 255.00 OK
r-oldrel-macos-arm64 1.5-3 95.00 NOTE
r-oldrel-windows-x86_64 1.5-3 28.00 225.00 253.00 OK

Check Details

Version: 1.5-3
Check: re-building of vignette outputs
Result: WARN Error(s) in re-building vignettes: --- re-building ‘onionmat.Rmd’ using rmarkdown --- finished re-building ‘onionmat.Rmd’ --- re-building ‘onionpaper.Rnw’ using Sweave Loading required package: onion Warning in plot.xy(xy.coords(x, y), type = type, ...) : "box" is not a graphical parameter Warning in plot.xy(xy.coords(x, y), type = type, ...) : "r" is not a graphical parameter Warning in plot.xy(xy.coords(x, y), type = type, ...) : "theta" is not a graphical parameter Warning in plot.xy(xy.coords(x, y), type = type, ...) : "phi" is not a graphical parameter Warning in plot.xy(xy.coords(x, y), type = type, ...) : "box" is not a graphical parameter Warning in plot.xy(xy.coords(x, y), type = type, ...) : "r" is not a graphical parameter Warning in plot.xy(xy.coords(x, y), type = type, ...) : "theta" is not a graphical parameter Warning in plot.xy(xy.coords(x, y), type = type, ...) : "phi" is not a graphical parameter Warning in plot.xy(xy.coords(x, y), type = type, ...) : "box" is not a graphical parameter Warning in plot.xy(xy.coords(x, y), type = type, ...) : "r" is not a graphical parameter Warning in plot.xy(xy.coords(x, y), type = type, ...) : "theta" is not a graphical parameter Warning in plot.xy(xy.coords(x, y), type = type, ...) : "phi" is not a graphical parameter Warning in plot.xy(xy.coords(x, y), type = type, ...) : "box" is not a graphical parameter Warning in plot.xy(xy.coords(x, y), type = type, ...) : "r" is not a graphical parameter Warning in plot.xy(xy.coords(x, y), type = type, ...) : "theta" is not a graphical parameter Warning in plot.xy(xy.coords(x, y), type = type, ...) : "phi" is not a graphical parameter Error: processing vignette 'onionpaper.Rnw' failed with diagnostics: Running 'texi2dvi' on 'onionpaper.tex' failed. LaTeX errors: !pdfTeX error: pdflatex (file bbm10): Font bbm10 at 657 not found ==> Fatal error occurred, no output PDF file produced! --- failed re-building ‘onionpaper.Rnw’ SUMMARY: processing the following file failed: ‘onionpaper.Rnw’ Error: Vignette re-building failed. Execution halted Flavor: r-prerel-macos-arm64

Version: 1.5-3
Check: re-building of vignette outputs
Result: NOTE Error(s) in re-building vignettes: --- re-building ‘onionmat.Rmd’ using rmarkdown --- finished re-building ‘onionmat.Rmd’ --- re-building ‘onionpaper.Rnw’ using Sweave Loading required package: onion Warning in plot.xy(xy.coords(x, y), type = type, ...) : "box" is not a graphical parameter Warning in plot.xy(xy.coords(x, y), type = type, ...) : "r" is not a graphical parameter Warning in plot.xy(xy.coords(x, y), type = type, ...) : "theta" is not a graphical parameter Warning in plot.xy(xy.coords(x, y), type = type, ...) : "phi" is not a graphical parameter Warning in plot.xy(xy.coords(x, y), type = type, ...) : "box" is not a graphical parameter Warning in plot.xy(xy.coords(x, y), type = type, ...) : "r" is not a graphical parameter Warning in plot.xy(xy.coords(x, y), type = type, ...) : "theta" is not a graphical parameter Warning in plot.xy(xy.coords(x, y), type = type, ...) : "phi" is not a graphical parameter Warning in plot.xy(xy.coords(x, y), type = type, ...) : "box" is not a graphical parameter Warning in plot.xy(xy.coords(x, y), type = type, ...) : "r" is not a graphical parameter Warning in plot.xy(xy.coords(x, y), type = type, ...) : "theta" is not a graphical parameter Warning in plot.xy(xy.coords(x, y), type = type, ...) : "phi" is not a graphical parameter Warning in plot.xy(xy.coords(x, y), type = type, ...) : "box" is not a graphical parameter Warning in plot.xy(xy.coords(x, y), type = type, ...) : "r" is not a graphical parameter Warning in plot.xy(xy.coords(x, y), type = type, ...) : "theta" is not a graphical parameter Warning in plot.xy(xy.coords(x, y), type = type, ...) : "phi" is not a graphical parameter Error: processing vignette 'onionpaper.Rnw' failed with diagnostics: Running 'texi2dvi' on 'onionpaper.tex' failed. LaTeX errors: !pdfTeX error: pdflatex (file bbm10): Font bbm10 at 657 not found ==> Fatal error occurred, no output PDF file produced! --- failed re-building ‘onionpaper.Rnw’ SUMMARY: processing the following file failed: ‘onionpaper.Rnw’ Error: Vignette re-building failed. Execution halted Flavors: r-release-macos-arm64, r-oldrel-macos-arm64