CRAN Package Check Results for Package ontoFAST

Last updated on 2024-02-21 01:49:26 CET.

Flavor Version Tinstall Tcheck Ttotal Status Flags
r-devel-linux-x86_64-debian-clang 1.0.0 OK
r-devel-linux-x86_64-debian-gcc 1.0.0 6.56 52.41 58.97 OK
r-devel-linux-x86_64-fedora-clang 1.0.0 97.33 NOTE
r-devel-linux-x86_64-fedora-gcc 1.0.0 93.71 NOTE
r-devel-windows-x86_64 1.0.0 9.00 75.00 84.00 OK
r-patched-linux-x86_64 1.0.0 9.00 65.46 74.46 OK
r-release-linux-x86_64 1.0.0 5.73 65.26 70.99 OK
r-release-macos-arm64 1.0.0 25.00 OK
r-release-macos-x86_64 1.0.0 38.00 OK
r-release-windows-x86_64 1.0.0 12.00 82.00 94.00 OK
r-oldrel-macos-arm64 1.0.0 27.00 NOTE
r-oldrel-windows-x86_64 1.0.0 12.00 91.00 103.00 OK

Additional issues

donttest

Check Details

Version: 1.0.0
Check: data for non-ASCII characters
Result: NOTE Note: found 34 marked UTF-8 strings Flavors: r-devel-linux-x86_64-fedora-clang, r-devel-linux-x86_64-fedora-gcc, r-oldrel-macos-arm64