CRAN Package Check Results for Package ontologyPlot

Last updated on 2019-07-17 19:46:55 CEST.

Flavor Version Tinstall Tcheck Ttotal Status Flags
r-devel-linux-x86_64-debian-clang 1.4 4.02 47.55 51.57 OK
r-devel-linux-x86_64-debian-gcc 1.4 3.59 39.22 42.81 OK
r-devel-linux-x86_64-fedora-clang 1.4 61.91 OK
r-devel-linux-x86_64-fedora-gcc 1.4 60.43 OK
r-devel-windows-ix86+x86_64 1.4 13.00 59.00 72.00 OK
r-patched-linux-x86_64 1.4 4.40 47.04 51.44 OK
r-patched-solaris-x86 1.4 101.80 OK
r-release-linux-x86_64 1.4 3.70 47.34 51.04 OK
r-release-windows-ix86+x86_64 1.4 10.00 77.00 87.00 OK
r-release-osx-x86_64 1.4 ERROR
r-oldrel-windows-ix86+x86_64 1.4 6.00 79.00 85.00 OK
r-oldrel-osx-x86_64 1.4 OK

Check Details

Version: 1.4
Check: package dependencies
Result: ERROR
    Package required but not available: ‘Rgraphviz’
    
    See section ‘The DESCRIPTION file’ in the ‘Writing R Extensions’
    manual.
Flavor: r-release-osx-x86_64