Last updated on 2022-05-21 04:59:15 CEST.
Flavor | Version | Tinstall | Tcheck | Ttotal | Status | Flags |
---|---|---|---|---|---|---|
r-devel-linux-x86_64-debian-clang | 2.5 | 56.00 | 161.79 | 217.79 | OK | |
r-devel-linux-x86_64-debian-gcc | 2.5 | 43.59 | 132.32 | 175.91 | OK | |
r-devel-linux-x86_64-fedora-clang | 2.5 | 287.76 | OK | |||
r-devel-linux-x86_64-fedora-gcc | 2.5 | 261.89 | OK | |||
r-devel-windows-x86_64 | 2.5 | 162.00 | 215.00 | 377.00 | OK | |
r-patched-linux-x86_64 | 2.5 | 42.35 | 150.92 | 193.27 | OK | |
r-release-linux-x86_64 | 2.5 | 45.72 | 155.28 | 201.00 | OK | |
r-release-macos-arm64 | 2.5 | 104.00 | OK | |||
r-release-macos-x86_64 | 2.5 | 129.00 | OK | |||
r-release-windows-x86_64 | 2.5 | 135.00 | 216.00 | 351.00 | OK | |
r-oldrel-macos-arm64 | 2.5 | 120.00 | OK | |||
r-oldrel-macos-x86_64 | 2.5 | 147.00 | NOTE | |||
r-oldrel-windows-ix86+x86_64 | 2.5 | 136.00 | 205.00 | 341.00 | OK |
Version: 2.5
Check: package dependencies
Result: NOTE
Package suggested but not available for checking: ‘paintmap’
Flavor: r-oldrel-macos-x86_64