CRAN Package Check Results for Package opGMMassessment

Last updated on 2024-02-29 22:58:52 CET.

Flavor Version Tinstall Tcheck Ttotal Status Flags
r-devel-linux-x86_64-debian-clang 0.3.5 19.64 150.77 170.41 OK
r-devel-linux-x86_64-debian-gcc 0.3.5 14.48 114.96 129.44 OK
r-devel-linux-x86_64-fedora-clang 0.3.5 218.57 OK
r-devel-linux-x86_64-fedora-gcc 0.3.5 202.05 OK
r-devel-windows-x86_64 0.3.5 18.00 120.00 138.00 OK
r-patched-linux-x86_64 0.3.5 11.83 145.49 157.32 OK
r-release-linux-x86_64 0.3.5 12.57 146.67 159.24 OK
r-release-macos-arm64 0.3.5 9.00 ERROR
r-release-macos-x86_64 0.3.5 8.00 ERROR
r-release-windows-x86_64 0.3.5 24.00 141.00 165.00 OK
r-oldrel-macos-arm64 0.3.5 10.00 ERROR
r-oldrel-windows-x86_64 0.3.5 23.00 156.00 179.00 OK

Check Details

Version: 0.3.5
Check: package dependencies
Result: ERROR Package required but not available: ‘mixAK’ See section ‘The DESCRIPTION file’ in the ‘Writing R Extensions’ manual. Flavors: r-release-macos-arm64, r-release-macos-x86_64, r-oldrel-macos-arm64