CRAN Package Check Results for Package openNLPdata

Last updated on 2021-06-24 02:50:47 CEST.

Flavor Version Tinstall Tcheck Ttotal Status Flags
r-devel-linux-x86_64-debian-clang 1.5.3-4 3.78 26.18 29.96 OK
r-devel-linux-x86_64-debian-gcc 1.5.3-4 3.24 20.21 23.45 OK
r-devel-linux-x86_64-fedora-clang 1.5.3-4 45.85 NOTE
r-devel-linux-x86_64-fedora-gcc 1.5.3-4 36.48 NOTE
r-devel-windows-x86_64 1.5.3-4 6.00 32.00 38.00 NOTE
r-devel-windows-x86_64-gcc10-UCRT 1.5.3-4 OK
r-patched-linux-x86_64 1.5.3-4 3.01 24.91 27.92 OK
r-patched-solaris-x86 1.5.3-4 55.10 NOTE
r-release-linux-x86_64 1.5.3-4 3.51 24.42 27.93 OK
r-release-macos-arm64 1.5.3-4 ERROR
r-release-macos-x86_64 1.5.3-4 NOTE
r-release-windows-ix86+x86_64 1.5.3-4 7.00 29.00 36.00 NOTE
r-oldrel-macos-x86_64 1.5.3-4 NOTE
r-oldrel-windows-ix86+x86_64 1.5.3-4 7.00 31.00 38.00 NOTE

Check Details

Version: 1.5.3-4
Check: installed package size
Result: NOTE
     installed size is 7.2Mb
     sub-directories of 1Mb or more:
     java 1.2Mb
     models 6.0Mb
Flavors: r-devel-linux-x86_64-fedora-clang, r-devel-windows-x86_64, r-patched-solaris-x86, r-release-macos-x86_64, r-release-windows-ix86+x86_64, r-oldrel-macos-x86_64, r-oldrel-windows-ix86+x86_64

Version: 1.5.3-4
Check: top-level files
Result: NOTE
     possible bashism in configure line 52 (test -a/-o):
     if test ${java_version_maj} -ge 5 || \
     test ${java_version_maj} -eq 1 -a ${java_version_min} -ge 5;
Flavors: r-devel-linux-x86_64-fedora-clang, r-devel-linux-x86_64-fedora-gcc

Version: 1.5.3-4
Check: whether package can be installed
Result: ERROR
    Installation failed.
Flavor: r-release-macos-arm64