CRAN Package Check Results for Package openSTARS

Last updated on 2018-11-21 13:48:36 CET.

Flavor Version Tinstall Tcheck Ttotal Status Flags
r-devel-linux-x86_64-debian-clang 1.1.0 9.52 98.85 108.37 OK
r-devel-linux-x86_64-debian-gcc 1.1.0 8.13 82.83 90.96 OK
r-devel-linux-x86_64-fedora-clang 1.1.0 128.47 NOTE
r-devel-linux-x86_64-fedora-gcc 1.1.0 125.10 NOTE
r-devel-windows-ix86+x86_64 1.1.0 25.00 169.00 194.00 OK
r-patched-linux-x86_64 1.1.0 8.46 95.18 103.64 OK
r-patched-solaris-x86 1.1.0 214.30 NOTE
r-release-linux-x86_64 1.1.0 9.02 95.22 104.24 OK
r-release-windows-ix86+x86_64 1.1.0 17.00 163.00 180.00 OK
r-release-osx-x86_64 1.1.0 NOTE
r-oldrel-windows-ix86+x86_64 1.1.0 22.00 174.00 196.00 OK
r-oldrel-osx-x86_64 1.1.0 NOTE

Check Details

Version: 1.1.0
Check: dependencies in R code
Result: NOTE
    Namespace in Imports field not imported from: ‘sf’
     All declared Imports should be used.
Flavors: r-devel-linux-x86_64-fedora-clang, r-devel-linux-x86_64-fedora-gcc, r-patched-solaris-x86, r-release-osx-x86_64, r-oldrel-osx-x86_64