CRAN Package Check Results for Package openSTARS

Last updated on 2018-02-24 00:47:48 CET.

Flavor Version Tinstall Tcheck Ttotal Status Flags
r-devel-linux-x86_64-debian-clang 1.0.0 8.51 93.13 101.64 NOTE
r-devel-linux-x86_64-debian-gcc 1.0.0 8.21 79.30 87.51 NOTE
r-devel-linux-x86_64-fedora-clang 1.0.0 129.65 NOTE
r-devel-linux-x86_64-fedora-gcc 1.0.0 123.14 NOTE
r-devel-windows-ix86+x86_64 1.0.0 22.00 155.00 177.00 OK
r-patched-linux-x86_64 1.0.0 5.59 94.20 99.79 OK
r-patched-solaris-x86 1.0.0 192.60 OK
r-release-linux-x86_64 1.0.0 6.29 94.50 100.79 OK
r-release-windows-ix86+x86_64 1.0.0 21.00 136.00 157.00 OK
r-release-osx-x86_64 1.0.0 OK
r-oldrel-windows-ix86+x86_64 1.0.0 15.00 103.00 118.00 OK
r-oldrel-osx-x86_64 1.0.0 OK

Check Details

Version: 1.0.0
Check: DESCRIPTION meta-information
Result: NOTE
    Dependence on R version ‘3.3.1’ not with patchlevel 0
Flavors: r-devel-linux-x86_64-debian-clang, r-devel-linux-x86_64-debian-gcc, r-devel-linux-x86_64-fedora-clang, r-devel-linux-x86_64-fedora-gcc