CRAN Package Check Results for Package openSTARS

Last updated on 2018-05-24 06:47:01 CEST.

Flavor Version Tinstall Tcheck Ttotal Status Flags
r-devel-linux-x86_64-debian-clang 1.1.0 8.10 98.46 106.56 OK
r-devel-linux-x86_64-debian-gcc 1.1.0 9.20 90.58 99.78 OK
r-devel-linux-x86_64-fedora-clang 1.1.0 146.81 NOTE
r-devel-linux-x86_64-fedora-gcc 1.1.0 141.71 NOTE
r-devel-windows-ix86+x86_64 1.1.0 20.00 125.00 145.00 OK
r-patched-linux-x86_64 1.1.0 8.40 92.91 101.31 OK
r-patched-solaris-x86 1.1.0 215.90 NOTE
r-release-linux-x86_64 1.1.0 9.45 92.02 101.47 OK
r-release-windows-ix86+x86_64 1.1.0 24.00 158.00 182.00 OK
r-release-osx-x86_64 1.1.0 NOTE
r-oldrel-windows-ix86+x86_64 1.1.0 24.00 116.00 140.00 OK
r-oldrel-osx-x86_64 1.0.0 OK

Check Details

Version: 1.1.0
Check: dependencies in R code
Result: NOTE
    Namespace in Imports field not imported from: ‘sf’
     All declared Imports should be used.
Flavors: r-devel-linux-x86_64-fedora-clang, r-devel-linux-x86_64-fedora-gcc, r-patched-solaris-x86, r-release-osx-x86_64