CRAN Package Check Results for Package openSTARS

Last updated on 2018-08-20 15:51:48 CEST.

Flavor Version Tinstall Tcheck Ttotal Status Flags
r-devel-linux-x86_64-debian-clang 1.1.0 10.36 111.80 122.16 OK
r-devel-linux-x86_64-debian-gcc 1.1.0 9.10 94.76 103.86 OK
r-devel-linux-x86_64-fedora-clang 1.1.0 146.85 NOTE
r-devel-linux-x86_64-fedora-gcc 1.1.0 148.22 NOTE
r-devel-windows-ix86+x86_64 1.1.0 25.00 177.00 202.00 OK
r-patched-linux-x86_64 1.1.0 7.76 94.29 102.05 OK
r-patched-solaris-x86 1.1.0 211.90 NOTE
r-release-linux-x86_64 1.1.0 8.32 93.92 102.24 OK
r-release-windows-ix86+x86_64 1.1.0 25.00 116.00 141.00 OK
r-release-osx-x86_64 1.1.0 NOTE
r-oldrel-windows-ix86+x86_64 1.1.0 16.00 156.00 172.00 OK
r-oldrel-osx-x86_64 1.1.0 NOTE

Check Details

Version: 1.1.0
Check: dependencies in R code
Result: NOTE
    Namespace in Imports field not imported from: ‘sf’
     All declared Imports should be used.
Flavors: r-devel-linux-x86_64-fedora-clang, r-devel-linux-x86_64-fedora-gcc, r-patched-solaris-x86, r-release-osx-x86_64, r-oldrel-osx-x86_64