CRAN Package Check Results for Package openSTARS

Last updated on 2019-02-21 07:48:45 CET.

Flavor Version Tinstall Tcheck Ttotal Status Flags
r-devel-linux-x86_64-debian-clang 1.1.0 8.87 100.29 109.16 OK
r-devel-linux-x86_64-debian-gcc 1.1.0 7.70 82.83 90.53 OK
r-devel-linux-x86_64-fedora-clang 1.1.0 140.56 NOTE
r-devel-linux-x86_64-fedora-gcc 1.1.0 127.40 NOTE
r-devel-windows-ix86+x86_64 1.1.0 25.00 122.00 147.00 OK
r-patched-linux-x86_64 1.1.0 OK
r-patched-solaris-x86 1.1.0 212.10 NOTE
r-release-linux-x86_64 1.1.0 OK
r-release-windows-ix86+x86_64 1.1.0 18.00 179.00 197.00 OK
r-release-osx-x86_64 1.1.0 NOTE
r-oldrel-windows-ix86+x86_64 1.1.0 18.00 128.00 146.00 OK
r-oldrel-osx-x86_64 1.1.0 NOTE

Check Details

Version: 1.1.0
Check: dependencies in R code
Result: NOTE
    Namespace in Imports field not imported from: ‘sf’
     All declared Imports should be used.
Flavors: r-devel-linux-x86_64-fedora-clang, r-devel-linux-x86_64-fedora-gcc, r-patched-solaris-x86, r-release-osx-x86_64, r-oldrel-osx-x86_64