CRAN Package Check Results for Package openVA

Last updated on 2022-05-19 08:52:12 CEST.

Flavor Version Tinstall Tcheck Ttotal Status Flags
r-devel-linux-x86_64-debian-clang 1.0.14 10.44 140.73 151.17 OK
r-devel-linux-x86_64-debian-gcc 1.0.14 7.69 105.54 113.23 OK
r-devel-linux-x86_64-fedora-clang 1.0.14 173.38 OK
r-devel-linux-x86_64-fedora-gcc 1.0.14 179.90 OK
r-devel-windows-x86_64 1.0.14 17.00 139.00 156.00 OK
r-patched-linux-x86_64 1.0.14 8.94 136.48 145.42 OK
r-release-linux-x86_64 1.0.14 8.95 134.09 143.04 OK
r-release-macos-arm64 1.0.14 46.00 NOTE
r-release-macos-x86_64 1.0.14 68.00 NOTE
r-release-windows-x86_64 1.0.14 23.00 144.00 167.00 OK
r-oldrel-macos-arm64 1.0.14 47.00 NOTE
r-oldrel-macos-x86_64 1.0.14 60.00 NOTE
r-oldrel-windows-ix86+x86_64 1.0.14 23.00 142.00 165.00 OK

Check Details

Version: 1.0.14
Check: package dependencies
Result: NOTE
    Package suggested but not available for checking: ‘nbc4va’
Flavors: r-release-macos-arm64, r-release-macos-x86_64, r-oldrel-macos-arm64, r-oldrel-macos-x86_64