CRAN Package Check Results for Package opencpu

Last updated on 2018-02-24 22:47:39 CET.

Flavor Version Tinstall Tcheck Ttotal Status Flags
r-devel-linux-x86_64-debian-clang 2.0.5 3.15 40.40 43.55 OK
r-devel-linux-x86_64-debian-gcc 2.0.5 3.28 32.01 35.29 OK
r-devel-linux-x86_64-fedora-clang 2.0.5 55.37 NOTE
r-devel-linux-x86_64-fedora-gcc 2.0.5 52.13 NOTE
r-devel-windows-ix86+x86_64 2.0.5 14.00 75.00 89.00 NOTE
r-patched-linux-x86_64 2.0.5 1.39 47.16 48.55 OK
r-patched-solaris-x86 2.0.5 76.60 NOTE
r-release-linux-x86_64 2.0.5 1.71 46.67 48.38 OK
r-release-windows-ix86+x86_64 2.0.5 6.00 70.00 76.00 NOTE
r-release-osx-x86_64 2.0.5 NOTE
r-oldrel-windows-ix86+x86_64 2.0.5 7.00 48.00 55.00 NOTE
r-oldrel-osx-x86_64 2.0.5 NOTE

Check Details

Version: 2.0.5
Check: data for non-ASCII characters
Result: NOTE
     Note: found 4 marked UTF-8 strings
Flavors: r-devel-linux-x86_64-fedora-clang, r-devel-linux-x86_64-fedora-gcc, r-patched-solaris-x86, r-release-osx-x86_64, r-oldrel-osx-x86_64

Version: 2.0.5
Check: package dependencies
Result: NOTE
    Package suggested but not available for checking: 'unix'
Flavors: r-devel-windows-ix86+x86_64, r-release-windows-ix86+x86_64, r-oldrel-windows-ix86+x86_64