CRAN Package Check Results for Package opencpu

Last updated on 2018-05-23 04:48:45 CEST.

Flavor Version Tinstall Tcheck Ttotal Status Flags
r-devel-linux-x86_64-debian-clang 2.0.5 4.31 43.17 47.48 OK
r-devel-linux-x86_64-debian-gcc 2.0.5 3.16 34.25 37.41 OK
r-devel-linux-x86_64-fedora-clang 2.0.5 57.04 NOTE
r-devel-linux-x86_64-fedora-gcc 2.0.5 53.89 NOTE
r-devel-windows-ix86+x86_64 2.0.5 9.00 82.00 91.00 NOTE
r-patched-linux-x86_64 2.0.5 4.38 41.00 45.38 OK
r-patched-solaris-x86 2.0.5 82.10 NOTE
r-release-linux-x86_64 2.0.5 3.67 40.24 43.91 OK
r-release-windows-ix86+x86_64 2.0.5 13.00 72.00 85.00 NOTE
r-release-osx-x86_64 2.0.5 NOTE
r-oldrel-windows-ix86+x86_64 2.0.5 16.00 58.00 74.00 NOTE
r-oldrel-osx-x86_64 2.0.5 NOTE

Check Details

Version: 2.0.5
Check: data for non-ASCII characters
Result: NOTE
     Note: found 4 marked UTF-8 strings
Flavors: r-devel-linux-x86_64-fedora-clang, r-devel-linux-x86_64-fedora-gcc, r-patched-solaris-x86, r-release-osx-x86_64, r-oldrel-osx-x86_64

Version: 2.0.5
Check: package dependencies
Result: NOTE
    Package suggested but not available for checking: 'unix'
Flavors: r-devel-windows-ix86+x86_64, r-release-windows-ix86+x86_64, r-oldrel-windows-ix86+x86_64