CRAN Package Check Results for Package opencpu

Last updated on 2018-08-22 08:48:59 CEST.

Flavor Version Tinstall Tcheck Ttotal Status Flags
r-devel-linux-x86_64-debian-clang 2.0.8 4.18 49.55 53.73 OK
r-devel-linux-x86_64-debian-gcc 2.0.8 3.65 38.73 42.38 OK
r-devel-linux-x86_64-fedora-clang 2.0.8 61.96 NOTE
r-devel-linux-x86_64-fedora-gcc 2.0.8 59.68 NOTE
r-devel-windows-ix86+x86_64 2.0.8 10.00 58.00 68.00 NOTE
r-patched-linux-x86_64 2.0.8 4.53 44.28 48.81 OK
r-patched-solaris-x86 2.0.8 90.40 NOTE
r-release-linux-x86_64 2.0.8 3.29 44.50 47.79 OK
r-release-windows-ix86+x86_64 2.0.8 14.00 58.00 72.00 NOTE
r-release-osx-x86_64 2.0.8 NOTE
r-oldrel-windows-ix86+x86_64 2.0.8 7.00 87.00 94.00 NOTE
r-oldrel-osx-x86_64 2.0.8 NOTE

Check Details

Version: 2.0.8
Check: data for non-ASCII characters
Result: NOTE
     Note: found 4 marked UTF-8 strings
Flavors: r-devel-linux-x86_64-fedora-clang, r-devel-linux-x86_64-fedora-gcc, r-patched-solaris-x86, r-release-osx-x86_64, r-oldrel-osx-x86_64

Version: 2.0.8
Check: package dependencies
Result: NOTE
    Package suggested but not available for checking: 'unix'
Flavors: r-devel-windows-ix86+x86_64, r-release-windows-ix86+x86_64, r-oldrel-windows-ix86+x86_64