CRAN Package Check Results for Package opencv

Last updated on 2022-12-04 18:53:54 CET.

Flavor Version Tinstall Tcheck Ttotal Status Flags
r-devel-linux-x86_64-debian-clang 0.2.3 129.94 65.35 195.29 OK
r-devel-linux-x86_64-debian-gcc 0.2.3 98.90 35.39 134.29 OK
r-devel-linux-x86_64-fedora-gcc 0.2.3 256.02 OK
r-devel-windows-x86_64 0.2.3 292.00 149.00 441.00 NOTE
r-patched-linux-x86_64 0.2.3 108.38 46.59 154.97 OK
r-release-linux-x86_64 0.2.3 105.60 46.56 152.16 OK
r-release-macos-arm64 0.2.3 56.00 NOTE
r-release-macos-x86_64 0.2.3 86.00 NOTE
r-release-windows-x86_64 0.2.3 202.00 153.00 355.00 NOTE
r-oldrel-macos-arm64 0.2.3 57.00 NOTE
r-oldrel-macos-x86_64 0.2.3 87.00 NOTE
r-oldrel-windows-ix86+x86_64 0.2.3 326.00 143.00 469.00 NOTE

Check Details

Version: 0.2.3
Check: installed package size
Result: NOTE
     installed size is 23.4Mb
     sub-directories of 1Mb or more:
     libs 13.1Mb
     share 10.2Mb
Flavors: r-devel-windows-x86_64, r-release-macos-arm64, r-release-macos-x86_64, r-release-windows-x86_64, r-oldrel-macos-arm64, r-oldrel-macos-x86_64, r-oldrel-windows-ix86+x86_64