CRAN Package Check Results for Package openxlsx

Last updated on 2022-12-05 23:01:29 CET.

Flavor Version Tinstall Tcheck Ttotal Status Flags
r-devel-linux-x86_64-debian-clang 4.2.5.1 130.11 137.53 267.64 OK
r-devel-linux-x86_64-debian-gcc 4.2.5.1 106.50 104.52 211.02 WARN
r-devel-linux-x86_64-fedora-clang 4.2.5.1 395.26 WARN
r-devel-linux-x86_64-fedora-gcc 4.2.5.1 368.64 WARN
r-devel-windows-x86_64 4.2.5.1 175.00 256.00 431.00 OK
r-patched-linux-x86_64 4.2.5.1 110.56 129.33 239.89 OK
r-release-linux-x86_64 4.2.5.1 113.22 127.55 240.77 OK
r-release-macos-arm64 4.2.5.1 106.00 NOTE
r-release-macos-x86_64 4.2.5.1 145.00 NOTE
r-release-windows-x86_64 4.2.5.1 194.00 211.00 405.00 OK
r-oldrel-macos-arm64 4.2.5.1 95.00 NOTE
r-oldrel-macos-x86_64 4.2.5.1 151.00 NOTE
r-oldrel-windows-ix86+x86_64 4.2.5.1 265.00 265.00 530.00 OK

Check Details

Version: 4.2.5.1
Check: compiled code
Result: WARN
    File ‘openxlsx/libs/openxlsx.so’:
     Found ‘__sprintf_chk’, possibly from ‘sprintf’ (C)
     Objects: ‘read_workbook.o’, ‘write_data.o’
    
    Compiled code should not call entry points which might terminate R nor
    write to stdout/stderr instead of to the console, nor use Fortran I/O
    nor system RNGs nor [v]sprintf.
    
    See ‘Writing portable packages’ in the ‘Writing R Extensions’ manual.
Flavors: r-devel-linux-x86_64-debian-gcc, r-devel-linux-x86_64-fedora-gcc

Version: 4.2.5.1
Check: compiled code
Result: WARN
    File ‘openxlsx/libs/openxlsx.so’:
     Found ‘sprintf’, possibly from ‘sprintf’ (C)
     Objects: ‘read_workbook.o’, ‘write_data.o’
    
    Compiled code should not call entry points which might terminate R nor
    write to stdout/stderr instead of to the console, nor use Fortran I/O
    nor system RNGs nor [v]sprintf.
    
    See ‘Writing portable packages’ in the ‘Writing R Extensions’ manual.
Flavor: r-devel-linux-x86_64-fedora-clang

Version: 4.2.5.1
Check: installed package size
Result: NOTE
     installed size is 6.9Mb
     sub-directories of 1Mb or more:
     extdata 1.1Mb
     libs 4.7Mb
Flavors: r-release-macos-arm64, r-release-macos-x86_64, r-oldrel-macos-arm64, r-oldrel-macos-x86_64