CRAN Package Check Results for Package openxlsx

Last updated on 2018-07-18 07:31:30 CEST.

Flavor Version Tinstall Tcheck Ttotal Status Flags
r-devel-linux-x86_64-debian-clang 4.1.0 87.79 102.99 190.78 OK
r-devel-linux-x86_64-debian-gcc 4.1.0 81.26 80.88 162.14 OK
r-devel-linux-x86_64-fedora-clang 4.1.0 255.39 NOTE
r-devel-linux-x86_64-fedora-gcc 4.1.0 249.83 OK
r-devel-windows-ix86+x86_64 4.1.0 206.00 294.00 500.00 OK
r-patched-linux-x86_64 4.1.0 97.92 94.90 192.82 OK
r-patched-solaris-x86 4.1.0 269.00 OK
r-release-linux-x86_64 4.1.0 105.12 94.56 199.68 OK
r-release-windows-ix86+x86_64 4.1.0 212.00 255.00 467.00 OK
r-release-osx-x86_64 4.1.0 NOTE
r-oldrel-windows-ix86+x86_64 4.1.0 206.00 221.00 427.00 OK
r-oldrel-osx-x86_64 4.1.0 NOTE

Additional issues

rchk

Check Details

Version: 4.1.0
Check: installed package size
Result: NOTE
     installed size is 6.5Mb
     sub-directories of 1Mb or more:
     libs 4.6Mb
Flavors: r-devel-linux-x86_64-fedora-clang, r-release-osx-x86_64, r-oldrel-osx-x86_64