CRAN Package Check Results for Package openxlsx

Last updated on 2017-08-20 10:46:28.

Flavor Version Tinstall Tcheck Ttotal Status Flags
r-devel-linux-x86_64-debian-clang 4.0.17 61.30 65.91 127.21 OK
r-devel-linux-x86_64-debian-gcc 4.0.17 63.76 64.26 128.02 OK
r-devel-linux-x86_64-fedora-clang 4.0.17 230.12 NOTE
r-devel-linux-x86_64-fedora-gcc 4.0.17 227.33 NOTE
r-devel-windows-ix86+x86_64 4.0.17 164.00 183.00 347.00 OK
r-patched-linux-x86_64 4.0.17 64.57 64.58 129.15 OK
r-patched-solaris-x86 4.0.17 245.30 OK
r-release-linux-x86_64 4.0.17 65.25 64.77 130.03 OK
r-release-windows-ix86+x86_64 4.0.17 209.00 273.00 482.00 OK
r-release-osx-x86_64 4.0.17 OK
r-oldrel-windows-ix86+x86_64 4.0.17 143.00 236.00 379.00 OK
r-oldrel-osx-x86_64 4.0.17 OK

Check Details

Version: 4.0.17
Check: installed package size
Result: NOTE
     installed size is 6.1Mb
     sub-directories of 1Mb or more:
     libs 4.3Mb
Flavors: r-devel-linux-x86_64-fedora-clang, r-devel-linux-x86_64-fedora-gcc