CRAN Package Check Results for Package openxlsx

Last updated on 2017-12-16 04:47:14 CET.

Flavor Version Tinstall Tcheck Ttotal Status Flags
r-devel-linux-x86_64-debian-clang 4.0.17 82.44 105.09 187.53 OK
r-devel-linux-x86_64-debian-gcc 4.0.17 75.60 80.70 156.30 OK
r-devel-linux-x86_64-fedora-clang 4.0.17 233.91 NOTE
r-devel-linux-x86_64-fedora-gcc 4.0.17 230.43 NOTE
r-devel-windows-ix86+x86_64 4.0.17 217.00 185.00 402.00 OK
r-patched-linux-x86_64 4.0.17 87.39 98.34 185.73 OK
r-patched-solaris-x86 4.0.17 237.70 OK
r-release-linux-x86_64 4.0.17 85.00 99.44 184.44 OK
r-release-windows-ix86+x86_64 4.0.17 159.00 185.00 344.00 OK
r-release-osx-x86_64 4.0.17 OK
r-oldrel-windows-ix86+x86_64 4.0.17 201.00 239.00 440.00 OK
r-oldrel-osx-x86_64 4.0.17 OK

Check Details

Version: 4.0.17
Check: installed package size
Result: NOTE
     installed size is 6.1Mb
     sub-directories of 1Mb or more:
     libs 4.3Mb
Flavors: r-devel-linux-x86_64-fedora-clang, r-devel-linux-x86_64-fedora-gcc