CRAN Package Check Results for Package openxlsx

Last updated on 2017-06-27 02:47:18.

Flavor Version Tinstall Tcheck Ttotal Status Flags
r-devel-linux-x86_64-debian-clang 4.0.17 62.41 65.81 128.22 OK
r-devel-linux-x86_64-debian-gcc 4.0.17 65.01 64.78 129.80 OK
r-devel-linux-x86_64-fedora-clang 4.0.17 234.70 NOTE
r-devel-linux-x86_64-fedora-gcc 4.0.17 226.95 NOTE
r-devel-windows-ix86+x86_64 4.0.17 212.00 178.00 390.00 OK
r-patched-linux-x86_64 4.0.17 69.47 64.66 134.13 OK
r-patched-solaris-sparc 4.0.17 1175.20 OK
r-patched-solaris-x86 4.0.17 244.40 OK
r-release-linux-x86_64 4.0.17 64.84 62.83 127.67 OK
r-release-windows-ix86+x86_64 4.0.17 206.00 250.00 456.00 OK
r-release-osx-x86_64 4.0.17 OK
r-oldrel-windows-ix86+x86_64 4.0.17 206.00 233.00 439.00 OK
r-oldrel-osx-x86_64 4.0.17 OK

Check Details

Version: 4.0.17
Check: installed package size
Result: NOTE
     installed size is 6.0Mb
     sub-directories of 1Mb or more:
     libs 4.1Mb
Flavors: r-devel-linux-x86_64-fedora-clang, r-devel-linux-x86_64-fedora-gcc