Last updated on 2022-05-16 05:50:18 CEST.
Flavor | Version | Tinstall | Tcheck | Ttotal | Status | Flags |
---|---|---|---|---|---|---|
r-devel-linux-x86_64-debian-clang | 1.0.3 | 244.07 | 185.63 | 429.70 | WARN | |
r-devel-linux-x86_64-debian-gcc | 1.0.3 | 197.95 | 139.92 | 337.87 | NOTE | |
r-devel-linux-x86_64-fedora-clang | 1.0.3 | 636.62 | WARN | |||
r-devel-linux-x86_64-fedora-gcc | 1.0.3 | 540.81 | NOTE | |||
r-devel-windows-x86_64 | 1.0.3 | 234.00 | 239.00 | 473.00 | NOTE | |
r-patched-linux-x86_64 | 1.0.3 | 213.24 | 172.59 | 385.83 | NOTE | |
r-release-linux-x86_64 | 1.0.3 | 205.49 | 172.56 | 378.05 | NOTE | |
r-release-macos-arm64 | 1.0.3 | 121.00 | NOTE | |||
r-release-macos-x86_64 | 1.0.3 | 193.00 | NOTE | |||
r-release-windows-x86_64 | 1.0.3 | 241.00 | 249.00 | 490.00 | NOTE | |
r-oldrel-macos-arm64 | 1.0.3 | 166.00 | NOTE | |||
r-oldrel-macos-x86_64 | 1.0.3 | 179.00 | NOTE | |||
r-oldrel-windows-ix86+x86_64 | 1.0.3 | 589.00 | 9.00 | 598.00 | ERROR |
Version: 1.0.3
Check: package dependencies
Result: NOTE
Package suggested but not available for checking: 'gurobi'
Flavors: r-devel-linux-x86_64-debian-clang, r-devel-linux-x86_64-debian-gcc, r-devel-linux-x86_64-fedora-clang, r-devel-linux-x86_64-fedora-gcc, r-devel-windows-x86_64, r-patched-linux-x86_64, r-release-linux-x86_64, r-release-macos-x86_64, r-release-windows-x86_64, r-oldrel-windows-ix86+x86_64
Version: 1.0.3
Check: whether package can be installed
Result: WARN
Found the following significant warnings:
functions.cpp:103:13: warning: use of bitwise '&' with boolean operands [-Wbitwise-instead-of-logical]
rcpp_funded_projects.cpp:18:13: warning: use of bitwise '&' with boolean operands [-Wbitwise-instead-of-logical]
rcpp_random_solution.cpp:90:11: warning: use of bitwise '|' with boolean operands [-Wbitwise-instead-of-logical]
Flavor: r-devel-linux-x86_64-debian-clang
Version: 1.0.3
Check: whether package can be installed
Result: WARN
Found the following significant warnings:
functions.cpp:103:13: warning: use of bitwise '&' with boolean operands [-Wbitwise-instead-of-logical]
rcpp_random_solution.cpp:90:11: warning: use of bitwise '|' with boolean operands [-Wbitwise-instead-of-logical]
rcpp_funded_projects.cpp:18:13: warning: use of bitwise '&' with boolean operands [-Wbitwise-instead-of-logical]
Flavor: r-devel-linux-x86_64-fedora-clang
Version: 1.0.3
Check: installed package size
Result: NOTE
installed size is 7.0Mb
sub-directories of 1Mb or more:
libs 5.3Mb
Flavors: r-devel-linux-x86_64-fedora-clang, r-release-macos-arm64, r-release-macos-x86_64, r-oldrel-macos-arm64, r-oldrel-macos-x86_64
Version: 1.0.3
Check: package dependencies
Result: NOTE
Packages suggested but not available for checking:
'gurobi', 'ggtree', 'lpsymphony'
Flavors: r-release-macos-arm64, r-oldrel-macos-x86_64
Version: 1.0.3
Check: Rd cross-references
Result: NOTE
Package unavailable to check Rd xrefs: ‘ggtree’
Flavors: r-release-macos-arm64, r-oldrel-macos-arm64, r-oldrel-macos-x86_64
Version: 1.0.3
Check: package dependencies
Result: NOTE
Packages suggested but not available for checking:
'gurobi', 'ggtree', 'Rsymphony', 'lpsymphony'
Flavor: r-oldrel-macos-arm64
Version: 1.0.3
Check: whether package can be installed
Result: ERROR
Installation failed.
Flavor: r-oldrel-windows-ix86+x86_64