CRAN Package Check Results for Package optBiomarker

Last updated on 2018-05-26 21:46:47 CEST.

Flavor Version Tinstall Tcheck Ttotal Status Flags
r-devel-linux-x86_64-debian-clang 1.0-27 6.99 88.90 95.89 NOTE
r-devel-linux-x86_64-debian-gcc 1.0-27 5.92 69.30 75.22 NOTE
r-devel-linux-x86_64-fedora-clang 1.0-27 116.12 NOTE
r-devel-linux-x86_64-fedora-gcc 1.0-27 111.37 NOTE
r-devel-windows-ix86+x86_64 1.0-27 15.00 142.00 157.00 NOTE
r-patched-linux-x86_64 1.0-27 5.91 76.50 82.41 NOTE
r-patched-solaris-x86 1.0-27 169.70 NOTE
r-release-linux-x86_64 1.0-27 5.61 77.25 82.86 NOTE
r-release-windows-ix86+x86_64 1.0-27 18.00 126.00 144.00 NOTE
r-release-osx-x86_64 1.0-27 ERROR
r-oldrel-windows-ix86+x86_64 1.0-27 16.00 92.00 108.00 NOTE
r-oldrel-osx-x86_64 1.0-27 NOTE

Check Details

Version: 1.0-27
Check: DESCRIPTION meta-information
Result: NOTE
    Malformed Description field: should contain one or more complete sentences.
Flavors: r-devel-linux-x86_64-debian-clang, r-devel-linux-x86_64-debian-gcc, r-devel-linux-x86_64-fedora-clang, r-devel-linux-x86_64-fedora-gcc, r-devel-windows-ix86+x86_64, r-patched-linux-x86_64, r-patched-solaris-x86, r-release-linux-x86_64, r-release-windows-ix86+x86_64, r-oldrel-windows-ix86+x86_64, r-oldrel-osx-x86_64

Version: 1.0-27
Check: R code for possible problems
Result: NOTE
    avg2Lower: no visible global function definition for ‘optimize’
    classificationError.data.frame: no visible binding for global variable
     ‘na.omit’
    classificationError.data.frame: no visible global function definition
     for ‘terms’
    classificationError.data.frame: no visible binding for global variable
     ‘predict’
    classpredict.lda: no visible global function definition for ‘predict’
    simData: no visible global function definition for ‘rnorm’
    simData: no visible global function definition for ‘runif’
    simData: no visible global function definition for ‘var’
    tnormAvg: no visible global function definition for ‘dnorm’
    tnormAvg: no visible global function definition for ‘pnorm’
    yapprox: no visible global function definition for ‘approx’
    Undefined global functions or variables:
     approx dnorm na.omit optimize pnorm predict rnorm runif terms var
    Consider adding
     importFrom("stats", "approx", "dnorm", "na.omit", "optimize", "pnorm",
     "predict", "rnorm", "runif", "terms", "var")
    to your NAMESPACE file.
Flavors: r-devel-linux-x86_64-debian-clang, r-devel-linux-x86_64-debian-gcc, r-devel-linux-x86_64-fedora-clang, r-devel-linux-x86_64-fedora-gcc, r-devel-windows-ix86+x86_64, r-patched-linux-x86_64, r-patched-solaris-x86, r-release-linux-x86_64, r-release-windows-ix86+x86_64, r-oldrel-windows-ix86+x86_64, r-oldrel-osx-x86_64

Version: 1.0-27
Check: package dependencies
Result: ERROR
    Package required but not available: ‘rpanel’
    
    See section ‘The DESCRIPTION file’ in the ‘Writing R Extensions’
    manual.
Flavor: r-release-osx-x86_64