CRAN Package Check Results for Package optBiomarker

Last updated on 2019-09-20 21:46:31 CEST.

Flavor Version Tinstall Tcheck Ttotal Status Flags
r-devel-linux-x86_64-debian-clang 1.0-27 10.92 81.36 92.28 NOTE
r-devel-linux-x86_64-debian-gcc 1.0-27 8.50 66.07 74.57 NOTE
r-devel-linux-x86_64-fedora-clang 1.0-27 114.04 NOTE
r-devel-linux-x86_64-fedora-gcc 1.0-27 113.70 NOTE
r-devel-windows-ix86+x86_64 1.0-27 31.00 91.00 122.00 NOTE
r-patched-linux-x86_64 1.0-27 9.43 82.39 91.82 NOTE
r-patched-solaris-x86 1.0-27 189.90 NOTE
r-release-linux-x86_64 1.0-27 10.17 82.59 92.76 NOTE
r-release-windows-ix86+x86_64 1.0-27 25.00 127.00 152.00 NOTE
r-release-osx-x86_64 1.0-27 ERROR
r-oldrel-windows-ix86+x86_64 1.0-27 11.00 91.00 102.00 NOTE
r-oldrel-osx-x86_64 1.0-27 ERROR

Check Details

Version: 1.0-27
Check: DESCRIPTION meta-information
Result: NOTE
    Malformed Description field: should contain one or more complete sentences.
Flavors: r-devel-linux-x86_64-debian-clang, r-devel-linux-x86_64-debian-gcc, r-devel-linux-x86_64-fedora-clang, r-devel-linux-x86_64-fedora-gcc, r-devel-windows-ix86+x86_64, r-patched-linux-x86_64, r-patched-solaris-x86, r-release-linux-x86_64, r-release-windows-ix86+x86_64, r-oldrel-windows-ix86+x86_64

Version: 1.0-27
Check: R code for possible problems
Result: NOTE
    avg2Lower: no visible global function definition for 'optimize'
    classificationError.data.frame: no visible binding for global variable
     'na.omit'
    classificationError.data.frame: no visible global function definition
     for 'terms'
    classificationError.data.frame: no visible binding for global variable
     'predict'
    classpredict.lda: no visible global function definition for 'predict'
    simData: no visible global function definition for 'rnorm'
    simData: no visible global function definition for 'runif'
    simData: no visible global function definition for 'var'
    tnormAvg: no visible global function definition for 'dnorm'
    tnormAvg: no visible global function definition for 'pnorm'
    yapprox: no visible global function definition for 'approx'
    Undefined global functions or variables:
     approx dnorm na.omit optimize pnorm predict rnorm runif terms var
    Consider adding
     importFrom("stats", "approx", "dnorm", "na.omit", "optimize", "pnorm",
     "predict", "rnorm", "runif", "terms", "var")
    to your NAMESPACE file.
Flavors: r-devel-linux-x86_64-debian-clang, r-devel-linux-x86_64-debian-gcc, r-devel-linux-x86_64-fedora-clang, r-devel-linux-x86_64-fedora-gcc, r-devel-windows-ix86+x86_64, r-patched-linux-x86_64, r-patched-solaris-x86, r-release-linux-x86_64, r-release-windows-ix86+x86_64, r-oldrel-windows-ix86+x86_64

Version: 1.0-27
Check: package dependencies
Result: ERROR
    Package required but not available: ‘rpanel’
    
    See section ‘The DESCRIPTION file’ in the ‘Writing R Extensions’
    manual.
Flavors: r-release-osx-x86_64, r-oldrel-osx-x86_64