CRAN Package Check Results for Package optbdmaeAT

Last updated on 2018-02-23 10:48:26 CET.

Flavor Version Tinstall Tcheck Ttotal Status Flags
r-devel-linux-x86_64-debian-clang 1.0.1 6.58 51.21 57.79 NOTE
r-devel-linux-x86_64-debian-gcc 1.0.1 4.88 46.54 51.42 NOTE
r-devel-linux-x86_64-fedora-clang 1.0.1 81.66 NOTE
r-devel-linux-x86_64-fedora-gcc 1.0.1 75.10 NOTE
r-devel-windows-ix86+x86_64 1.0.1 12.00 89.00 101.00 OK
r-patched-linux-x86_64 1.0.1 4.22 59.18 63.40 OK
r-patched-solaris-x86 1.0.1 121.30 OK
r-release-linux-x86_64 1.0.1 4.04 58.92 62.96 OK
r-release-windows-ix86+x86_64 1.0.1 12.00 94.00 106.00 OK
r-release-osx-x86_64 1.0.1 OK
r-oldrel-windows-ix86+x86_64 1.0.1 7.00 86.00 93.00 OK
r-oldrel-osx-x86_64 1.0.1 OK

Check Details

Version: 1.0.1
Check: DESCRIPTION meta-information
Result: NOTE
    Dependence on R version ‘3.3.1’ not with patchlevel 0
Flavors: r-devel-linux-x86_64-debian-clang, r-devel-linux-x86_64-debian-gcc, r-devel-linux-x86_64-fedora-clang, r-devel-linux-x86_64-fedora-gcc