CRAN Package Check Results for Package optbdmaeAT

Last updated on 2018-10-19 22:49:49 CEST.

Flavor Version Tinstall Tcheck Ttotal Status Flags
r-devel-linux-x86_64-debian-clang 1.0.1 7.90 67.70 75.60 OK
r-devel-linux-x86_64-debian-gcc 1.0.1 5.25 54.45 59.70 OK
r-devel-linux-x86_64-fedora-clang 1.0.1 89.77 OK
r-devel-linux-x86_64-fedora-gcc 1.0.1 85.86 OK
r-devel-windows-ix86+x86_64 1.0.1 14.00 102.00 116.00 OK
r-patched-linux-x86_64 1.0.1 6.59 57.65 64.24 NOTE
r-patched-solaris-x86 1.0.1 127.30 OK
r-release-linux-x86_64 1.0.1 5.05 58.70 63.75 NOTE
r-release-windows-ix86+x86_64 1.0.1 15.00 93.00 108.00 OK
r-release-osx-x86_64 1.0.1 OK
r-oldrel-windows-ix86+x86_64 1.0.1 7.00 89.00 96.00 OK
r-oldrel-osx-x86_64 1.0.1 OK

Check Details

Version: 1.0.1
Check: DESCRIPTION meta-information
Result: NOTE
    Dependence on R version ‘3.3.1’ not with patchlevel 0
Flavors: r-patched-linux-x86_64, r-release-linux-x86_64