CRAN Package Check Results for Package optbdmaeAT

Last updated on 2019-01-23 22:48:35 CET.

Flavor Version Tinstall Tcheck Ttotal Status Flags
r-devel-linux-x86_64-debian-clang 1.0.1 8.44 65.16 73.60 OK
r-devel-linux-x86_64-debian-gcc 1.0.1 6.25 50.71 56.96 OK
r-devel-linux-x86_64-fedora-clang 1.0.1 85.73 OK
r-devel-linux-x86_64-fedora-gcc 1.0.1 81.14 OK
r-devel-windows-ix86+x86_64 1.0.1 14.00 98.00 112.00 OK
r-patched-linux-x86_64 1.0.1 6.79 58.47 65.26 NOTE
r-patched-solaris-x86 1.0.1 137.80 OK
r-release-linux-x86_64 1.0.1 6.14 58.68 64.82 NOTE
r-release-windows-ix86+x86_64 1.0.1 10.00 106.00 116.00 OK
r-release-osx-x86_64 1.0.1 OK
r-oldrel-windows-ix86+x86_64 1.0.1 8.00 96.00 104.00 OK
r-oldrel-osx-x86_64 1.0.1 OK

Check Details

Version: 1.0.1
Check: DESCRIPTION meta-information
Result: NOTE
    Dependence on R version ‘3.3.1’ not with patchlevel 0
Flavors: r-patched-linux-x86_64, r-release-linux-x86_64