CRAN Package Check Results for Package optbdmaeAT

Last updated on 2018-08-17 00:49:55 CEST.

Flavor Version Tinstall Tcheck Ttotal Status Flags
r-devel-linux-x86_64-debian-clang 1.0.1 7.48 68.04 75.52 OK
r-devel-linux-x86_64-debian-gcc 1.0.1 6.56 54.84 61.40 OK
r-devel-linux-x86_64-fedora-clang 1.0.1 87.62 OK
r-devel-linux-x86_64-fedora-gcc 1.0.1 85.37 OK
r-devel-windows-ix86+x86_64 1.0.1 14.00 99.00 113.00 OK
r-patched-linux-x86_64 1.0.1 4.97 58.45 63.42 NOTE
r-patched-solaris-x86 1.0.1 127.80 OK
r-release-linux-x86_64 1.0.1 5.94 58.39 64.33 NOTE
r-release-windows-ix86+x86_64 1.0.1 14.00 95.00 109.00 OK
r-release-osx-x86_64 1.0.1 OK
r-oldrel-windows-ix86+x86_64 1.0.1 10.00 63.00 73.00 OK
r-oldrel-osx-x86_64 1.0.1 OK

Check Details

Version: 1.0.1
Check: DESCRIPTION meta-information
Result: NOTE
    Dependence on R version ‘3.3.1’ not with patchlevel 0
Flavors: r-patched-linux-x86_64, r-release-linux-x86_64