CRAN Package Check Results for Package optbdmaeAT

Last updated on 2018-05-27 07:50:59 CEST.

Flavor Version Tinstall Tcheck Ttotal Status Flags
r-devel-linux-x86_64-debian-clang 1.0.1 5.79 66.39 72.18 OK
r-devel-linux-x86_64-debian-gcc 1.0.1 5.55 52.92 58.47 OK
r-devel-linux-x86_64-fedora-clang 1.0.1 88.03 OK
r-devel-linux-x86_64-fedora-gcc 1.0.1 84.02 OK
r-devel-windows-ix86+x86_64 1.0.1 10.00 111.00 121.00 OK
r-patched-linux-x86_64 1.0.1 6.02 57.84 63.86 NOTE
r-patched-solaris-x86 1.0.1 123.80 OK
r-release-linux-x86_64 1.0.1 5.44 57.83 63.27 NOTE
r-release-windows-ix86+x86_64 1.0.1 16.00 69.00 85.00 OK
r-release-osx-x86_64 1.0.1 OK
r-oldrel-windows-ix86+x86_64 1.0.1 10.00 67.00 77.00 OK
r-oldrel-osx-x86_64 1.0.1 OK

Check Details

Version: 1.0.1
Check: DESCRIPTION meta-information
Result: NOTE
    Dependence on R version ‘3.3.1’ not with patchlevel 0
Flavors: r-patched-linux-x86_64, r-release-linux-x86_64