CRAN Package Check Results for Package optbdmaeAT

Last updated on 2019-09-19 08:51:01 CEST.

Flavor Version Tinstall Tcheck Ttotal Status Flags
r-devel-linux-x86_64-debian-clang 1.0.1 9.54 61.08 70.62 NOTE
r-devel-linux-x86_64-debian-gcc 1.0.1 8.05 50.33 58.38 NOTE
r-devel-linux-x86_64-fedora-clang 1.0.1 88.59 NOTE
r-devel-linux-x86_64-fedora-gcc 1.0.1 87.22 NOTE
r-devel-windows-ix86+x86_64 1.0.1 21.00 69.00 90.00 OK
r-patched-linux-x86_64 1.0.1 9.74 61.17 70.91 OK
r-patched-solaris-x86 1.0.1 151.30 OK
r-release-linux-x86_64 1.0.1 9.85 61.57 71.42 OK
r-release-windows-ix86+x86_64 1.0.1 16.00 73.00 89.00 OK
r-release-osx-x86_64 1.0.1 FAIL
r-oldrel-windows-ix86+x86_64 1.0.1 8.00 70.00 78.00 OK
r-oldrel-osx-x86_64 1.0.1 OK

Check Details

Version: 1.0.1
Check: for non-standard things in the check directory
Result: NOTE
    Found the following files/directories:
     'Graph_layout_Doptbd_trtE'
Flavors: r-devel-linux-x86_64-debian-clang, r-devel-linux-x86_64-debian-gcc, r-devel-linux-x86_64-fedora-clang, r-devel-linux-x86_64-fedora-gcc

Version: 1.0.1
Check: whether package can be installed
Result: FAIL
    
Flavor: r-release-osx-x86_64