CRAN Package Check Results for Package optiRum

Last updated on 2021-09-19 10:49:42 CEST.

Flavor Version Tinstall Tcheck Ttotal Status Flags
r-devel-linux-x86_64-debian-clang 0.40.1 6.39 77.55 83.94 NOTE
r-devel-linux-x86_64-debian-gcc 0.40.1 5.43 56.93 62.36 NOTE
r-devel-linux-x86_64-fedora-clang 0.40.1 107.64 NOTE
r-devel-linux-x86_64-fedora-gcc 0.40.1 92.57 NOTE
r-devel-windows-x86_64 0.40.1 9.00 103.00 112.00 NOTE
r-devel-windows-x86_64-gcc10-UCRT 0.40.1 ERROR
r-patched-linux-x86_64 0.40.1 7.41 71.39 78.80 NOTE
r-patched-solaris-x86 0.40.1 131.70 NOTE
r-release-linux-x86_64 0.40.1 5.33 69.77 75.10 NOTE
r-release-macos-arm64 0.40.1 NOTE
r-release-macos-x86_64 0.40.1 NOTE
r-release-windows-ix86+x86_64 0.40.1 18.00 76.00 94.00 NOTE
r-oldrel-macos-x86_64 0.40.1 OK
r-oldrel-windows-ix86+x86_64 0.40.1 17.00 73.00 90.00 OK

Check Details

Version: 0.40.1
Check: LazyData
Result: NOTE
     'LazyData' is specified without a 'data' directory
Flavors: r-devel-linux-x86_64-debian-clang, r-devel-linux-x86_64-debian-gcc, r-devel-linux-x86_64-fedora-clang, r-devel-linux-x86_64-fedora-gcc, r-devel-windows-x86_64, r-patched-linux-x86_64, r-patched-solaris-x86, r-release-linux-x86_64, r-release-macos-arm64, r-release-macos-x86_64, r-release-windows-ix86+x86_64

Version: 0.40.1
Check: package dependencies
Result: ERROR
    Package required but not available: 'XML'
    
    See section 'The DESCRIPTION file' in the 'Writing R Extensions'
    manual.
Flavor: r-devel-windows-x86_64-gcc10-UCRT