CRAN Package Check Results for Package optiRum

Last updated on 2022-01-27 04:05:30 CET.

Flavor Version Tinstall Tcheck Ttotal Status Flags
r-devel-linux-x86_64-debian-clang 0.40.1 6.62 88.24 94.86 NOTE
r-devel-linux-x86_64-debian-gcc 0.40.1 5.48 66.06 71.54 NOTE
r-devel-linux-x86_64-fedora-clang 0.40.1 111.61 NOTE
r-devel-linux-x86_64-fedora-gcc 0.40.1 102.20 NOTE
r-devel-windows-x86_64-new-UL 0.40.1 43.00 113.00 156.00 NOTE
r-devel-windows-x86_64-new-TK 0.40.1 NOTE
r-patched-linux-x86_64 0.40.1 6.47 78.43 84.90 NOTE
r-release-linux-x86_64 0.40.1 5.45 78.17 83.62 NOTE
r-release-macos-arm64 0.40.1 NOTE
r-release-macos-x86_64 0.40.1 NOTE
r-release-windows-ix86+x86_64 0.40.1 16.00 98.00 114.00 NOTE
r-oldrel-macos-x86_64 0.40.1 OK
r-oldrel-windows-ix86+x86_64 0.40.1 17.00 96.00 113.00 OK

Check Details

Version: 0.40.1
Check: LazyData
Result: NOTE
     'LazyData' is specified without a 'data' directory
Flavors: r-devel-linux-x86_64-debian-clang, r-devel-linux-x86_64-debian-gcc, r-devel-linux-x86_64-fedora-clang, r-devel-linux-x86_64-fedora-gcc, r-devel-windows-x86_64-new-UL, r-devel-windows-x86_64-new-TK, r-patched-linux-x86_64, r-release-linux-x86_64, r-release-macos-arm64, r-release-macos-x86_64, r-release-windows-ix86+x86_64