CRAN Package Check Results for Package optiRum

Last updated on 2021-04-21 20:49:48 CEST.

Flavor Version Tinstall Tcheck Ttotal Status Flags
r-devel-linux-x86_64-debian-clang 0.40.1 6.30 74.75 81.05 NOTE
r-devel-linux-x86_64-debian-gcc 0.40.1 5.07 55.69 60.76 NOTE
r-devel-linux-x86_64-fedora-clang 0.40.1 105.72 NOTE
r-devel-linux-x86_64-fedora-gcc 0.40.1 95.30 NOTE
r-devel-windows-ix86+x86_64 0.40.1 17.00 87.00 104.00 NOTE
r-devel-windows-x86_64-gcc10-UCRT 0.40.1 NOTE
r-patched-linux-x86_64 0.40.1 5.98 69.37 75.35 OK
r-patched-solaris-x86 0.40.1 134.60 OK
r-release-linux-x86_64 0.40.1 5.90 69.41 75.31 OK
r-release-macos-x86_64 0.40.1 OK
r-release-windows-ix86+x86_64 0.40.1 17.00 82.00 99.00 OK
r-oldrel-macos-x86_64 0.40.1 OK
r-oldrel-windows-ix86+x86_64 0.40.1 19.00 96.00 115.00 OK

Check Details

Version: 0.40.1
Check: LazyData
Result: NOTE
     'LazyData' is specified without a 'data' directory
Flavors: r-devel-linux-x86_64-debian-clang, r-devel-linux-x86_64-debian-gcc, r-devel-linux-x86_64-fedora-clang, r-devel-linux-x86_64-fedora-gcc, r-devel-windows-ix86+x86_64, r-devel-windows-x86_64-gcc10-UCRT