CRAN Package Check Results for Package optiSel

Last updated on 2019-02-21 01:50:53 CET.

Flavor Version Tinstall Tcheck Ttotal Status Flags
r-devel-linux-x86_64-debian-clang 2.0.2 114.50 252.01 366.51 OK
r-devel-linux-x86_64-debian-gcc 2.0.2 88.43 200.45 288.88 OK
r-devel-linux-x86_64-fedora-clang 2.0.2 536.99 NOTE
r-devel-linux-x86_64-fedora-gcc 2.0.2 489.61 OK
r-devel-windows-ix86+x86_64 2.0.2 425.00 468.00 893.00 OK
r-patched-linux-x86_64 2.0.2 OK
r-patched-solaris-x86 2.0.2 639.10 OK
r-release-linux-x86_64 2.0.2 OK
r-release-windows-ix86+x86_64 2.0.2 276.00 454.00 730.00 OK
r-release-osx-x86_64 2.0.2 WARN
r-oldrel-osx-x86_64 2.0.2 ERROR

Additional issues

valgrind

Check Details

Version: 2.0.2
Check: installed package size
Result: NOTE
     installed size is 6.0Mb
     sub-directories of 1Mb or more:
     extdata 1.8Mb
     libs 3.1Mb
Flavors: r-devel-linux-x86_64-fedora-clang, r-release-osx-x86_64

Version: 2.0.2
Check: whether package can be installed
Result: WARN
    Found the following significant warnings:
     Warning: 'rgl_init' failed, running with rgl.useNULL = TRUE
Flavor: r-release-osx-x86_64

Version: 2.0.2
Check: whether package can be installed
Result: ERROR
    Installation failed.
Flavor: r-oldrel-osx-x86_64