CRAN Package Check Results for Package optiSel

Last updated on 2018-05-28 10:48:59 CEST.

Flavor Version Tinstall Tcheck Ttotal Status Flags
r-devel-linux-x86_64-debian-clang 2.0 141.39 231.96 373.35 OK
r-devel-linux-x86_64-debian-gcc 2.0 117.39 198.89 316.28 OK
r-devel-linux-x86_64-fedora-clang 2.0 504.32 NOTE
r-devel-linux-x86_64-fedora-gcc 2.0 519.22 NOTE
r-devel-windows-ix86+x86_64 2.0 319.00 376.00 695.00 OK
r-patched-linux-x86_64 2.0 141.49 227.91 369.40 NOTE
r-patched-solaris-x86 2.0 683.10 OK
r-release-linux-x86_64 2.0 138.64 235.71 374.35 NOTE
r-release-windows-ix86+x86_64 2.0 423.00 472.00 895.00 OK
r-release-osx-x86_64 2.0 WARN
r-oldrel-windows-ix86+x86_64 2.0 378.00 379.00 757.00 OK
r-oldrel-osx-x86_64 2.0 OK

Check Details

Version: 2.0
Check: installed package size
Result: NOTE
     installed size is 6.1Mb
     sub-directories of 1Mb or more:
     extdata 1.8Mb
     libs 3.2Mb
Flavors: r-devel-linux-x86_64-fedora-clang, r-devel-linux-x86_64-fedora-gcc

Version: 2.0
Check: DESCRIPTION meta-information
Result: NOTE
    Dependence on R version ‘3.3.2’ not with patchlevel 0
Flavors: r-patched-linux-x86_64, r-release-linux-x86_64

Version: 2.0
Check: examples
Result: WARN
    Found the following significant warnings:
    
     Warning: 'cBind' is deprecated.
    Deprecated functions may be defunct as soon as of the next release of
    R.
    See ?Deprecated.
Flavor: r-release-osx-x86_64