CRAN Package Check Results for Package optiSel

Last updated on 2019-09-15 05:46:21 CEST.

Flavor Version Tinstall Tcheck Ttotal Status Flags
r-devel-linux-x86_64-debian-clang 2.0.2 144.27 251.71 395.98 WARN
r-devel-linux-x86_64-debian-gcc 2.0.2 120.94 199.75 320.69 WARN
r-devel-linux-x86_64-fedora-clang 2.0.2 541.05 NOTE
r-devel-linux-x86_64-fedora-gcc 2.0.2 542.27 WARN
r-devel-windows-ix86+x86_64 2.0.2 477.00 470.00 947.00 OK
r-patched-linux-x86_64 2.0.2 131.39 238.28 369.67 OK
r-patched-solaris-x86 2.0.2 670.30 OK
r-release-linux-x86_64 2.0.2 134.29 238.14 372.43 OK
r-release-windows-ix86+x86_64 2.0.2 302.00 375.00 677.00 OK
r-release-osx-x86_64 2.0.2 WARN
r-oldrel-windows-ix86+x86_64 2.0.2 460.00 333.00 793.00 OK
r-oldrel-osx-x86_64 2.0.2 WARN

Additional issues

valgrind

Check Details

Version: 2.0.2
Check: whether package can be installed
Result: WARN
    Found the following significant warnings:
     rcpp_nativecont.cpp:34:5: warning: ignoring return value of function declared with 'warn_unused_result' attribute [-Wunused-result]
     rcpp_nativecont.cpp:30:3: warning: ignoring return value of function declared with 'warn_unused_result' attribute [-Wunused-result]
     rcpp_segBreedComp.cpp:45:7: warning: ignoring return value of function declared with 'warn_unused_result' attribute [-Wunused-result]
     rcpp_segBreedComp.cpp:42:5: warning: ignoring return value of function declared with 'warn_unused_result' attribute [-Wunused-result]
     rcpp_segN.cpp:48:5: warning: ignoring return value of function declared with 'warn_unused_result' attribute [-Wunused-result]
Flavor: r-devel-linux-x86_64-debian-clang

Version: 2.0.2
Check: whether package can be installed
Result: WARN
    Found the following significant warnings:
     rcpp_nativecont.cpp:30:8: warning: ignoring return value of ‘char* fgets(char*, int, FILE*)’, declared with attribute warn_unused_result [-Wunused-result]
     rcpp_nativecont.cpp:34:10: warning: ignoring return value of ‘char* fgets(char*, int, FILE*)’, declared with attribute warn_unused_result [-Wunused-result]
     rcpp_segBreedComp.cpp:42:10: warning: ignoring return value of ‘char* fgets(char*, int, FILE*)’, declared with attribute warn_unused_result [-Wunused-result]
     rcpp_segBreedComp.cpp:45:12: warning: ignoring return value of ‘char* fgets(char*, int, FILE*)’, declared with attribute warn_unused_result [-Wunused-result]
     rcpp_segN.cpp:48:10: warning: ignoring return value of ‘char* fgets(char*, int, FILE*)’, declared with attribute warn_unused_result [-Wunused-result]
Flavors: r-devel-linux-x86_64-debian-gcc, r-devel-linux-x86_64-fedora-gcc

Version: 2.0.2
Check: installed package size
Result: NOTE
     installed size is 6.3Mb
     sub-directories of 1Mb or more:
     extdata 1.8Mb
     libs 3.4Mb
Flavors: r-devel-linux-x86_64-fedora-clang, r-release-osx-x86_64, r-oldrel-osx-x86_64

Version: 2.0.2
Check: whether package can be installed
Result: WARN
    Found the following significant warnings:
     Warning: 'rgl_init' failed, running with rgl.useNULL = TRUE
Flavors: r-release-osx-x86_64, r-oldrel-osx-x86_64