CRAN Package Check Results for Package optiSel

Last updated on 2020-01-27 00:48:10 CET.

Flavor Version Tinstall Tcheck Ttotal Status Flags
r-devel-linux-x86_64-debian-clang 2.0.2 184.55 269.50 454.05 WARN
r-devel-linux-x86_64-debian-gcc 2.0.2 120.39 211.88 332.27 WARN
r-devel-linux-x86_64-fedora-clang 2.0.2 566.14 NOTE
r-devel-linux-x86_64-fedora-gcc 2.0.2 536.21 WARN
r-devel-windows-ix86+x86_64 2.0.2 464.00 507.00 971.00 OK
r-devel-windows-ix86+x86_64-gcc8 2.0.2 528.00 392.00 920.00 NOTE
r-patched-linux-x86_64 2.0.2 136.18 238.32 374.50 OK
r-patched-solaris-x86 2.0.2 642.60 OK
r-release-linux-x86_64 2.0.2 138.95 240.60 379.55 OK
r-release-windows-ix86+x86_64 2.0.2 312.00 354.00 666.00 OK
r-release-osx-x86_64 2.0.2 WARN
r-oldrel-windows-ix86+x86_64 2.0.2 301.00 342.00 643.00 OK
r-oldrel-osx-x86_64 2.0.2 WARN

Additional issues

valgrind

Check Details

Version: 2.0.2
Check: whether package can be installed
Result: WARN
    Found the following significant warnings:
     rcpp_nativecont.cpp:30:3: warning: ignoring return value of function declared with 'warn_unused_result' attribute [-Wunused-result]
     rcpp_nativecont.cpp:34:5: warning: ignoring return value of function declared with 'warn_unused_result' attribute [-Wunused-result]
     rcpp_segBreedComp.cpp:42:5: warning: ignoring return value of function declared with 'warn_unused_result' attribute [-Wunused-result]
     rcpp_segBreedComp.cpp:45:7: warning: ignoring return value of function declared with 'warn_unused_result' attribute [-Wunused-result]
     rcpp_segN.cpp:48:5: warning: ignoring return value of function declared with 'warn_unused_result' attribute [-Wunused-result]
Flavor: r-devel-linux-x86_64-debian-clang

Version: 2.0.2
Check: whether package can be installed
Result: WARN
    Found the following significant warnings:
     rcpp_nativecont.cpp:30:8: warning: ignoring return value of ‘char* fgets(char*, int, FILE*)’, declared with attribute warn_unused_result [-Wunused-result]
     rcpp_nativecont.cpp:34:10: warning: ignoring return value of ‘char* fgets(char*, int, FILE*)’, declared with attribute warn_unused_result [-Wunused-result]
     rcpp_segBreedComp.cpp:42:10: warning: ignoring return value of ‘char* fgets(char*, int, FILE*)’, declared with attribute warn_unused_result [-Wunused-result]
     rcpp_segBreedComp.cpp:45:12: warning: ignoring return value of ‘char* fgets(char*, int, FILE*)’, declared with attribute warn_unused_result [-Wunused-result]
     rcpp_segN.cpp:48:10: warning: ignoring return value of ‘char* fgets(char*, int, FILE*)’, declared with attribute warn_unused_result [-Wunused-result]
Flavors: r-devel-linux-x86_64-debian-gcc, r-devel-linux-x86_64-fedora-gcc

Version: 2.0.2
Check: installed package size
Result: NOTE
     installed size is 6.3Mb
     sub-directories of 1Mb or more:
     extdata 1.8Mb
     libs 3.4Mb
Flavors: r-devel-linux-x86_64-fedora-clang, r-devel-windows-ix86+x86_64-gcc8, r-release-osx-x86_64, r-oldrel-osx-x86_64

Version: 2.0.2
Check: whether package can be installed
Result: WARN
    Found the following significant warnings:
     Warning: 'rgl_init' failed, running with rgl.useNULL = TRUE
Flavors: r-release-osx-x86_64, r-oldrel-osx-x86_64