CRAN Package Check Results for Package optiSolve

Last updated on 2019-02-22 21:57:51 CET.

Flavor Version Tinstall Tcheck Ttotal Status Flags
r-devel-linux-x86_64-debian-clang 0.1 6.53 84.92 91.45 OK
r-devel-linux-x86_64-debian-gcc 0.1 5.62 67.41 73.03 OK
r-devel-linux-x86_64-fedora-clang 0.1 114.04 OK
r-devel-linux-x86_64-fedora-gcc 0.1 106.53 OK
r-devel-windows-ix86+x86_64 0.1 20.00 134.00 154.00 OK
r-patched-linux-x86_64 0.1 7.07 83.81 90.88 NOTE
r-patched-solaris-x86 0.1 276.20 OK
r-release-linux-x86_64 0.1 NOTE
r-release-windows-ix86+x86_64 0.1 11.00 135.00 146.00 OK
r-release-osx-x86_64 0.1 OK
r-oldrel-windows-ix86+x86_64 0.1 8.00 139.00 147.00 OK
r-oldrel-osx-x86_64 0.1 OK

Check Details

Version: 0.1
Check: DESCRIPTION meta-information
Result: NOTE
    Dependence on R version ‘3.3.2’ not with patchlevel 0
Flavors: r-patched-linux-x86_64, r-release-linux-x86_64