CRAN Package Check Results for Package optiSolve

Last updated on 2018-05-25 13:48:07 CEST.

Flavor Version Tinstall Tcheck Ttotal Status Flags
r-devel-linux-x86_64-debian-clang 0.1 7.28 87.19 94.47 OK
r-devel-linux-x86_64-debian-gcc 0.1 5.59 69.00 74.59 OK
r-devel-linux-x86_64-fedora-clang 0.1 111.65 OK
r-devel-linux-x86_64-fedora-gcc 0.1 109.62 OK
r-devel-windows-ix86+x86_64 0.1 11.00 141.00 152.00 OK
r-patched-linux-x86_64 0.1 7.13 79.89 87.02 NOTE
r-patched-solaris-x86 0.1 176.80 OK
r-release-linux-x86_64 0.1 6.89 80.21 87.10 NOTE
r-release-windows-ix86+x86_64 0.1 22.00 93.00 115.00 OK
r-release-osx-x86_64 0.1 OK
r-oldrel-windows-ix86+x86_64 0.1 11.00 98.00 109.00 OK
r-oldrel-osx-x86_64 0.1 OK

Check Details

Version: 0.1
Check: DESCRIPTION meta-information
Result: NOTE
    Dependence on R version ‘3.3.2’ not with patchlevel 0
Flavors: r-patched-linux-x86_64, r-release-linux-x86_64