CRAN Package Check Results for Package optiSolve

Last updated on 2018-10-24 02:49:02 CEST.

Flavor Version Tinstall Tcheck Ttotal Status Flags
r-devel-linux-x86_64-debian-clang 0.1 6.47 88.59 95.06 OK
r-devel-linux-x86_64-debian-gcc 0.1 5.80 69.68 75.48 OK
r-devel-linux-x86_64-fedora-clang 0.1 112.25 OK
r-devel-linux-x86_64-fedora-gcc 0.1 108.26 OK
r-devel-windows-ix86+x86_64 0.1 16.00 125.00 141.00 OK
r-patched-linux-x86_64 0.1 4.88 79.98 84.86 NOTE
r-patched-solaris-x86 0.1 271.60 OK
r-release-linux-x86_64 0.1 7.18 81.09 88.27 ERROR
r-release-windows-ix86+x86_64 0.1 14.00 121.00 135.00 OK
r-release-osx-x86_64 0.1 OK
r-oldrel-windows-ix86+x86_64 0.1 8.00 127.00 135.00 OK
r-oldrel-osx-x86_64 0.1 OK

Check Details

Version: 0.1
Check: DESCRIPTION meta-information
Result: NOTE
    Dependence on R version ‘3.3.2’ not with patchlevel 0
Flavor: r-patched-linux-x86_64

Version: 0.1
Check: package dependencies
Result: ERROR
    Package required but not available: ‘shapes’
    
    See section ‘The DESCRIPTION file’ in the ‘Writing R Extensions’
    manual.
Flavor: r-release-linux-x86_64