CRAN Package Check Results for Package optiSolve

Last updated on 2018-08-18 10:50:39 CEST.

Flavor Version Tinstall Tcheck Ttotal Status Flags
r-devel-linux-x86_64-debian-clang 0.1 5.78 86.85 92.63 OK
r-devel-linux-x86_64-debian-gcc 0.1 5.83 70.33 76.16 OK
r-devel-linux-x86_64-fedora-clang 0.1 110.12 OK
r-devel-linux-x86_64-fedora-gcc 0.1 112.15 OK
r-devel-windows-ix86+x86_64 0.1 16.00 132.00 148.00 OK
r-patched-linux-x86_64 0.1 7.12 80.39 87.51 NOTE
r-patched-solaris-x86 0.1 184.70 OK
r-release-linux-x86_64 0.1 5.15 81.30 86.45 NOTE
r-release-windows-ix86+x86_64 0.1 15.00 120.00 135.00 OK
r-release-osx-x86_64 0.1 OK
r-oldrel-windows-ix86+x86_64 0.1 8.00 129.00 137.00 OK
r-oldrel-osx-x86_64 0.1 OK

Check Details

Version: 0.1
Check: DESCRIPTION meta-information
Result: NOTE
    Dependence on R version ‘3.3.2’ not with patchlevel 0
Flavors: r-patched-linux-x86_64, r-release-linux-x86_64