CRAN Package Check Results for Package optiSolve

Last updated on 2018-02-21 18:48:09 CET.

Flavor Version Tinstall Tcheck Ttotal Status Flags
r-devel-linux-x86_64-debian-clang 0.1 5.21 80.27 85.48 NOTE
r-devel-linux-x86_64-debian-gcc 0.1 5.20 62.44 67.64 NOTE
r-devel-linux-x86_64-fedora-clang 0.1 104.82 NOTE
r-devel-linux-x86_64-fedora-gcc 0.1 102.12 NOTE
r-devel-windows-ix86+x86_64 0.1 10.00 91.00 101.00 OK
r-patched-linux-x86_64 0.1 3.95 86.37 90.32 OK
r-patched-solaris-x86 0.1 165.30 OK
r-release-linux-x86_64 0.1 3.94 86.87 90.81 OK
r-release-windows-ix86+x86_64 0.1 13.00 119.00 132.00 OK
r-release-osx-x86_64 0.1 OK
r-oldrel-windows-ix86+x86_64 0.1 7.00 87.00 94.00 OK
r-oldrel-osx-x86_64 0.1 OK

Check Details

Version: 0.1
Check: DESCRIPTION meta-information
Result: NOTE
    Dependence on R version ‘3.3.2’ not with patchlevel 0
Flavors: r-devel-linux-x86_64-debian-clang, r-devel-linux-x86_64-debian-gcc, r-devel-linux-x86_64-fedora-clang, r-devel-linux-x86_64-fedora-gcc