CRAN Package Check Results for Package optparse

Last updated on 2018-02-23 12:47:28 CET.

Flavor Version Tinstall Tcheck Ttotal Status Flags
r-devel-linux-x86_64-debian-clang 1.4.4 1.15 25.60 26.75 OK
r-devel-linux-x86_64-debian-gcc 1.4.4 0.94 20.34 21.28 OK
r-devel-linux-x86_64-fedora-clang 1.4.4 33.05 OK
r-devel-linux-x86_64-fedora-gcc 1.4.4 31.21 OK
r-devel-windows-ix86+x86_64 1.4.4 6.00 32.00 38.00 OK --no-vignettes
r-patched-linux-x86_64 1.4.4 0.86 29.30 30.16 OK
r-patched-solaris-x86 1.4.4 37.70 OK --no-vignettes
r-release-linux-x86_64 1.4.4 0.71 29.12 29.83 OK
r-release-windows-ix86+x86_64 1.4.4 2.00 60.00 62.00 OK --no-vignettes
r-release-osx-x86_64 1.4.4 WARN
r-oldrel-windows-ix86+x86_64 1.4.4 3.00 47.00 50.00 OK --no-vignettes
r-oldrel-osx-x86_64 1.4.4 WARN

Check Details

Version: 1.4.4
Check: re-building of vignette outputs
Result: WARN
    Error in re-building vignettes:
     ...
    sh: +RTS: command not found
    Error: processing vignette 'optparse.Rrst' failed with diagnostics:
    pandoc document conversion failed with error 127
    Execution halted
Flavors: r-release-osx-x86_64, r-oldrel-osx-x86_64