Last updated on 2021-02-27 09:50:23 CET.
Flavor | Version | Tinstall | Tcheck | Ttotal | Status | Flags |
---|---|---|---|---|---|---|
r-devel-linux-x86_64-debian-clang | 1.6.6 | 2.45 | 32.13 | 34.58 | OK | |
r-devel-linux-x86_64-debian-gcc | 1.6.6 | 1.91 | 25.59 | 27.50 | OK | |
r-devel-linux-x86_64-fedora-clang | 1.6.6 | 51.56 | OK | |||
r-devel-linux-x86_64-fedora-gcc | 1.6.6 | 41.79 | OK | |||
r-devel-windows-ix86+x86_64 | 1.6.6 | 3.00 | 32.00 | 35.00 | OK | --no-vignettes |
r-patched-linux-x86_64 | 1.6.6 | 2.15 | 31.29 | 33.44 | OK | |
r-patched-solaris-x86 | 1.6.6 | 58.00 | OK | --no-vignettes | ||
r-release-linux-x86_64 | 1.6.6 | 2.44 | 31.25 | 33.69 | OK | |
r-release-macos-x86_64 | 1.6.6 | WARN | ||||
r-release-windows-ix86+x86_64 | 1.6.6 | 25.00 | 49.00 | 74.00 | OK | --no-vignettes |
r-oldrel-macos-x86_64 | 1.6.6 | WARN | ||||
r-oldrel-windows-ix86+x86_64 | 1.6.6 | 3.00 | 41.00 | 44.00 | OK | --no-vignettes |
Version: 1.6.6
Check: re-building of vignette outputs
Result: WARN
Error(s) in re-building vignettes:
...
--- re-building ‘optparse.Rrst’ using knitr
sh: +RTS: command not found
Warning in system(command) : error in running command
Error: processing vignette 'optparse.Rrst' failed with diagnostics:
pandoc document conversion failed with error 127
--- failed re-building ‘optparse.Rrst’
SUMMARY: processing the following file failed:
‘optparse.Rrst’
Error: Vignette re-building failed.
Execution halted
Flavors: r-release-macos-x86_64, r-oldrel-macos-x86_64