CRAN Package Check Results for Package optparse

Last updated on 2019-02-18 04:50:16 CET.

Flavor Version Tinstall Tcheck Ttotal Status Flags
r-devel-linux-x86_64-debian-clang 1.6.1 1.56 27.95 29.51 OK
r-devel-linux-x86_64-debian-gcc 1.6.1 1.24 22.84 24.08 OK
r-devel-linux-x86_64-fedora-clang 1.6.1 37.51 OK
r-devel-linux-x86_64-fedora-gcc 1.6.1 34.73 OK
r-devel-windows-ix86+x86_64 1.6.1 6.00 49.00 55.00 OK --no-vignettes
r-patched-linux-x86_64 1.6.1 1.02 25.98 27.00 OK
r-patched-solaris-x86 1.6.1 44.50 OK --no-vignettes
r-release-linux-x86_64 1.6.1 OK
r-release-windows-ix86+x86_64 1.6.1 3.00 46.00 49.00 OK --no-vignettes
r-release-osx-x86_64 1.6.1 WARN
r-oldrel-windows-ix86+x86_64 1.6.1 2.00 46.00 48.00 OK --no-vignettes
r-oldrel-osx-x86_64 1.6.1 WARN

Check Details

Version: 1.6.1
Check: re-building of vignette outputs
Result: WARN
    Error in re-building vignettes:
     ...
    sh: +RTS: command not found
    Warning in system(command) : error in running command
    Error: processing vignette 'optparse.Rrst' failed with diagnostics:
    pandoc document conversion failed with error 127
    Execution halted
Flavor: r-release-osx-x86_64

Version: 1.6.1
Check: re-building of vignette outputs
Result: WARN
    Error in re-building vignettes:
     ...
    sh: +RTS: command not found
    Error: processing vignette 'optparse.Rrst' failed with diagnostics:
    pandoc document conversion failed with error 127
    Execution halted
Flavor: r-oldrel-osx-x86_64