CRAN Package Check Results for Package optparse

Last updated on 2018-05-22 08:49:36 CEST.

Flavor Version Tinstall Tcheck Ttotal Status Flags
r-devel-linux-x86_64-debian-clang 1.4.4 1.20 24.34 25.54 OK
r-devel-linux-x86_64-debian-gcc 1.4.4 0.90 21.66 22.56 OK
r-devel-linux-x86_64-fedora-clang 1.4.4 33.61 OK
r-devel-linux-x86_64-fedora-gcc 1.4.4 32.02 OK
r-devel-windows-ix86+x86_64 1.4.4 5.00 59.00 64.00 OK --no-vignettes
r-patched-linux-x86_64 1.4.4 0.89 25.41 26.30 OK
r-patched-solaris-x86 1.4.4 44.00 OK --no-vignettes
r-release-linux-x86_64 1.4.4 1.26 25.25 26.51 OK
r-release-windows-ix86+x86_64 1.4.4 4.00 45.00 49.00 OK --no-vignettes
r-release-osx-x86_64 1.4.4 WARN
r-oldrel-windows-ix86+x86_64 1.4.4 4.00 62.00 66.00 OK --no-vignettes
r-oldrel-osx-x86_64 1.4.4 WARN

Check Details

Version: 1.4.4
Check: re-building of vignette outputs
Result: WARN
    Error in re-building vignettes:
     ...
    sh: +RTS: command not found
    Warning in system(command) : error in running command
    Error: processing vignette 'optparse.Rrst' failed with diagnostics:
    pandoc document conversion failed with error 127
    Execution halted
Flavor: r-release-osx-x86_64

Version: 1.4.4
Check: re-building of vignette outputs
Result: WARN
    Error in re-building vignettes:
     ...
    sh: +RTS: command not found
    Error: processing vignette 'optparse.Rrst' failed with diagnostics:
    pandoc document conversion failed with error 127
    Execution halted
Flavor: r-oldrel-osx-x86_64