CRAN Package Check Results for Package optparse

Last updated on 2018-08-22 04:49:15 CEST.

Flavor Version Tinstall Tcheck Ttotal Status Flags
r-devel-linux-x86_64-debian-clang 1.6.0 1.13 28.65 29.78 OK
r-devel-linux-x86_64-debian-gcc 1.6.0 1.04 23.30 24.34 OK
r-devel-linux-x86_64-fedora-clang 1.6.0 35.26 OK
r-devel-linux-x86_64-fedora-gcc 1.6.0 34.60 OK
r-devel-windows-ix86+x86_64 1.6.0 3.00 38.00 41.00 OK --no-vignettes
r-patched-linux-x86_64 1.6.0 0.98 25.71 26.69 OK
r-patched-solaris-x86 1.6.0 46.30 OK --no-vignettes
r-release-linux-x86_64 1.6.0 1.26 25.96 27.22 OK
r-release-windows-ix86+x86_64 1.6.0 3.00 39.00 42.00 OK --no-vignettes
r-release-osx-x86_64 1.6.0 WARN
r-oldrel-windows-ix86+x86_64 1.6.0 3.00 65.00 68.00 OK --no-vignettes
r-oldrel-osx-x86_64 1.6.0 WARN

Check Details

Version: 1.6.0
Check: re-building of vignette outputs
Result: WARN
    Error in re-building vignettes:
     ...
    sh: +RTS: command not found
    Warning in system(command) : error in running command
    Error: processing vignette 'optparse.Rrst' failed with diagnostics:
    pandoc document conversion failed with error 127
    Execution halted
Flavor: r-release-osx-x86_64

Version: 1.6.0
Check: re-building of vignette outputs
Result: WARN
    Error in re-building vignettes:
     ...
    sh: +RTS: command not found
    Error: processing vignette 'optparse.Rrst' failed with diagnostics:
    pandoc document conversion failed with error 127
    Execution halted
Flavor: r-oldrel-osx-x86_64