CRAN Package Check Results for Package optrcdmaeAT

Last updated on 2018-02-24 22:47:39 CET.

Flavor Version Tinstall Tcheck Ttotal Status Flags
r-devel-linux-x86_64-debian-clang 1.0.0 7.98 58.99 66.97 NOTE
r-devel-linux-x86_64-debian-gcc 1.0.0 5.63 47.12 52.75 NOTE
r-devel-linux-x86_64-fedora-clang 1.0.0 81.99 NOTE
r-devel-linux-x86_64-fedora-gcc 1.0.0 77.31 NOTE
r-devel-windows-ix86+x86_64 1.0.0 13.00 89.00 102.00 OK
r-patched-linux-x86_64 1.0.0 3.67 60.17 63.84 OK
r-patched-solaris-x86 1.0.0 125.50 OK
r-release-linux-x86_64 1.0.0 3.41 59.91 63.32 OK
r-release-windows-ix86+x86_64 1.0.0 13.00 94.00 107.00 OK
r-release-osx-x86_64 1.0.0 OK
r-oldrel-windows-ix86+x86_64 1.0.0 7.00 84.00 91.00 OK
r-oldrel-osx-x86_64 1.0.0 OK

Check Details

Version: 1.0.0
Check: DESCRIPTION meta-information
Result: NOTE
    Dependence on R version ‘3.3.2’ not with patchlevel 0
Flavors: r-devel-linux-x86_64-debian-clang, r-devel-linux-x86_64-debian-gcc, r-devel-linux-x86_64-fedora-clang, r-devel-linux-x86_64-fedora-gcc