CRAN Package Check Results for Package optrcdmaeAT

Last updated on 2018-08-21 21:51:14 CEST.

Flavor Version Tinstall Tcheck Ttotal Status Flags
r-devel-linux-x86_64-debian-clang 1.0.0 8.21 68.58 76.79 OK
r-devel-linux-x86_64-debian-gcc 1.0.0 6.52 55.41 61.93 OK
r-devel-linux-x86_64-fedora-clang 1.0.0 89.94 OK
r-devel-linux-x86_64-fedora-gcc 1.0.0 90.68 OK
r-devel-windows-ix86+x86_64 1.0.0 14.00 106.00 120.00 OK
r-patched-linux-x86_64 1.0.0 6.32 59.08 65.40 NOTE
r-patched-solaris-x86 1.0.0 129.80 OK
r-release-linux-x86_64 1.0.0 7.60 58.21 65.81 NOTE
r-release-windows-ix86+x86_64 1.0.0 15.00 70.00 85.00 OK
r-release-osx-x86_64 1.0.0 OK
r-oldrel-windows-ix86+x86_64 1.0.0 7.00 89.00 96.00 OK
r-oldrel-osx-x86_64 1.0.0 OK

Check Details

Version: 1.0.0
Check: DESCRIPTION meta-information
Result: NOTE
    Dependence on R version ‘3.3.2’ not with patchlevel 0
Flavors: r-patched-linux-x86_64, r-release-linux-x86_64