CRAN Package Check Results for Package optrcdmaeAT

Last updated on 2019-02-20 11:51:40 CET.

Flavor Version Tinstall Tcheck Ttotal Status Flags
r-devel-linux-x86_64-debian-clang 1.0.0 7.58 65.38 72.96 OK
r-devel-linux-x86_64-debian-gcc 1.0.0 6.96 51.51 58.47 OK
r-devel-linux-x86_64-fedora-clang 1.0.0 93.64 OK
r-devel-linux-x86_64-fedora-gcc 1.0.0 84.29 OK
r-devel-windows-ix86+x86_64 1.0.0 14.00 73.00 87.00 OK
r-patched-linux-x86_64 1.0.0 NOTE
r-patched-solaris-x86 1.0.0 124.70 OK
r-release-linux-x86_64 1.0.0 6.17 60.14 66.31 NOTE
r-release-windows-ix86+x86_64 1.0.0 8.00 115.00 123.00 OK
r-release-osx-x86_64 1.0.0 OK
r-oldrel-windows-ix86+x86_64 1.0.0 8.00 72.00 80.00 OK
r-oldrel-osx-x86_64 1.0.0 OK

Check Details

Version: 1.0.0
Check: DESCRIPTION meta-information
Result: NOTE
    Dependence on R version ‘3.3.2’ not with patchlevel 0
Flavors: r-patched-linux-x86_64, r-release-linux-x86_64