CRAN Package Check Results for Package optrcdmaeAT

Last updated on 2018-11-20 13:46:33 CET.

Flavor Version Tinstall Tcheck Ttotal Status Flags
r-devel-linux-x86_64-debian-clang 1.0.0 7.59 60.54 68.13 OK
r-devel-linux-x86_64-debian-gcc 1.0.0 5.59 50.16 55.75 OK
r-devel-linux-x86_64-fedora-clang 1.0.0 81.30 OK
r-devel-linux-x86_64-fedora-gcc 1.0.0 78.48 OK
r-devel-windows-ix86+x86_64 1.0.0 14.00 69.00 83.00 OK
r-patched-linux-x86_64 1.0.0 6.94 58.37 65.31 NOTE
r-patched-solaris-x86 1.0.0 131.40 OK
r-release-linux-x86_64 1.0.0 7.22 58.69 65.91 NOTE
r-release-windows-ix86+x86_64 1.0.0 11.00 96.00 107.00 OK
r-release-osx-x86_64 1.0.0 OK
r-oldrel-windows-ix86+x86_64 1.0.0 13.00 94.00 107.00 OK
r-oldrel-osx-x86_64 1.0.0 OK

Check Details

Version: 1.0.0
Check: DESCRIPTION meta-information
Result: NOTE
    Dependence on R version ‘3.3.2’ not with patchlevel 0
Flavors: r-patched-linux-x86_64, r-release-linux-x86_64