CRAN Package Check Results for Package optrcdmaeAT

Last updated on 2018-05-23 12:48:31 CEST.

Flavor Version Tinstall Tcheck Ttotal Status Flags
r-devel-linux-x86_64-debian-clang 1.0.0 6.29 66.51 72.80 OK
r-devel-linux-x86_64-debian-gcc 1.0.0 6.41 52.70 59.11 OK
r-devel-linux-x86_64-fedora-clang 1.0.0 89.46 OK
r-devel-linux-x86_64-fedora-gcc 1.0.0 84.43 OK
r-devel-windows-ix86+x86_64 1.0.0 11.00 107.00 118.00 OK
r-patched-linux-x86_64 1.0.0 8.35 58.84 67.19 NOTE
r-patched-solaris-x86 1.0.0 134.30 OK
r-release-linux-x86_64 1.0.0 4.82 58.48 63.30 NOTE
r-release-windows-ix86+x86_64 1.0.0 16.00 67.00 83.00 OK
r-release-osx-x86_64 1.0.0 OK
r-oldrel-windows-ix86+x86_64 1.0.0 12.00 62.00 74.00 OK
r-oldrel-osx-x86_64 1.0.0 OK

Check Details

Version: 1.0.0
Check: DESCRIPTION meta-information
Result: NOTE
    Dependence on R version ‘3.3.2’ not with patchlevel 0
Flavors: r-patched-linux-x86_64, r-release-linux-x86_64