CRAN Package Check Results for Package optrees

Last updated on 2018-05-23 12:48:31 CEST.

Flavor Version Tinstall Tcheck Ttotal Status Flags
r-devel-linux-x86_64-debian-clang 1.0 2.29 27.96 30.25 NOTE
r-devel-linux-x86_64-debian-gcc 1.0 2.33 22.29 24.62 NOTE
r-devel-linux-x86_64-fedora-clang 1.0 37.47 NOTE
r-devel-linux-x86_64-fedora-gcc 1.0 35.42 NOTE
r-devel-windows-ix86+x86_64 1.0 5.00 55.00 60.00 NOTE
r-patched-linux-x86_64 1.0 2.57 27.44 30.01 NOTE
r-patched-solaris-x86 1.0 63.00 NOTE
r-release-linux-x86_64 1.0 3.28 27.26 30.54 NOTE
r-release-windows-ix86+x86_64 1.0 7.00 39.00 46.00 NOTE
r-release-osx-x86_64 1.0 NOTE
r-oldrel-windows-ix86+x86_64 1.0 5.00 34.00 39.00 NOTE
r-oldrel-osx-x86_64 1.0 NOTE

Check Details

Version: 1.0
Check: R code for possible problems
Result: NOTE
    getMinimumArborescence: no visible global function definition for
     ‘capture.output’
    getMinimumCutTree: no visible global function definition for
     ‘capture.output’
    getMinimumCutTree: no visible global function definition for ‘par’
    getMinimumSpanningTree: no visible global function definition for
     ‘capture.output’
    getShortestPathTree: no visible global function definition for
     ‘capture.output’
    Undefined global functions or variables:
     capture.output par
    Consider adding
     importFrom("graphics", "par")
     importFrom("utils", "capture.output")
    to your NAMESPACE file.
Flavors: r-devel-linux-x86_64-debian-clang, r-devel-linux-x86_64-debian-gcc, r-devel-linux-x86_64-fedora-clang, r-devel-linux-x86_64-fedora-gcc, r-devel-windows-ix86+x86_64, r-patched-linux-x86_64, r-patched-solaris-x86, r-release-linux-x86_64, r-release-windows-ix86+x86_64, r-release-osx-x86_64, r-oldrel-windows-ix86+x86_64, r-oldrel-osx-x86_64