CRAN Package Check Results for Package optrees

Last updated on 2019-02-19 22:51:39 CET.

Flavor Version Tinstall Tcheck Ttotal Status Flags
r-devel-linux-x86_64-debian-clang 1.0 3.52 29.00 32.52 NOTE
r-devel-linux-x86_64-debian-gcc 1.0 2.52 23.60 26.12 NOTE
r-devel-linux-x86_64-fedora-clang 1.0 40.43 NOTE
r-devel-linux-x86_64-fedora-gcc 1.0 36.21 NOTE
r-devel-windows-ix86+x86_64 1.0 8.00 40.00 48.00 NOTE
r-patched-linux-x86_64 1.0 2.68 27.78 30.46 NOTE
r-patched-solaris-x86 1.0 56.00 NOTE
r-release-linux-x86_64 1.0 2.80 27.40 30.20 NOTE
r-release-windows-ix86+x86_64 1.0 5.00 54.00 59.00 NOTE
r-release-osx-x86_64 1.0 NOTE
r-oldrel-windows-ix86+x86_64 1.0 3.00 41.00 44.00 NOTE
r-oldrel-osx-x86_64 1.0 NOTE

Check Details

Version: 1.0
Check: R code for possible problems
Result: NOTE
    getMinimumArborescence: no visible global function definition for
     ‘capture.output’
    getMinimumCutTree: no visible global function definition for
     ‘capture.output’
    getMinimumCutTree: no visible global function definition for ‘par’
    getMinimumSpanningTree: no visible global function definition for
     ‘capture.output’
    getShortestPathTree: no visible global function definition for
     ‘capture.output’
    Undefined global functions or variables:
     capture.output par
    Consider adding
     importFrom("graphics", "par")
     importFrom("utils", "capture.output")
    to your NAMESPACE file.
Flavors: r-devel-linux-x86_64-debian-clang, r-devel-linux-x86_64-debian-gcc, r-devel-linux-x86_64-fedora-clang, r-devel-linux-x86_64-fedora-gcc, r-devel-windows-ix86+x86_64, r-patched-linux-x86_64, r-patched-solaris-x86, r-release-linux-x86_64, r-release-windows-ix86+x86_64, r-release-osx-x86_64, r-oldrel-windows-ix86+x86_64, r-oldrel-osx-x86_64