CRAN Package Check Results for Package optrees

Last updated on 2018-11-14 20:47:03 CET.

Flavor Version Tinstall Tcheck Ttotal Status Flags
r-devel-linux-x86_64-debian-clang 1.0 3.37 29.33 32.70 NOTE
r-devel-linux-x86_64-debian-gcc 1.0 1.80 23.88 25.68 NOTE
r-devel-linux-x86_64-fedora-clang 1.0 39.65 NOTE
r-devel-linux-x86_64-fedora-gcc 1.0 36.65 NOTE
r-devel-windows-ix86+x86_64 1.0 4.00 55.00 59.00 NOTE
r-patched-linux-x86_64 1.0 3.11 26.94 30.05 NOTE
r-patched-solaris-x86 1.0 56.30 NOTE
r-release-linux-x86_64 1.0 2.92 26.76 29.68 NOTE
r-release-windows-ix86+x86_64 1.0 8.00 40.00 48.00 NOTE
r-release-osx-x86_64 1.0 NOTE
r-oldrel-windows-ix86+x86_64 1.0 6.00 40.00 46.00 NOTE
r-oldrel-osx-x86_64 1.0 NOTE

Check Details

Version: 1.0
Check: R code for possible problems
Result: NOTE
    getMinimumArborescence: no visible global function definition for
     ‘capture.output’
    getMinimumCutTree: no visible global function definition for
     ‘capture.output’
    getMinimumCutTree: no visible global function definition for ‘par’
    getMinimumSpanningTree: no visible global function definition for
     ‘capture.output’
    getShortestPathTree: no visible global function definition for
     ‘capture.output’
    Undefined global functions or variables:
     capture.output par
    Consider adding
     importFrom("graphics", "par")
     importFrom("utils", "capture.output")
    to your NAMESPACE file.
Flavors: r-devel-linux-x86_64-debian-clang, r-devel-linux-x86_64-debian-gcc, r-devel-linux-x86_64-fedora-clang, r-devel-linux-x86_64-fedora-gcc, r-devel-windows-ix86+x86_64, r-patched-linux-x86_64, r-patched-solaris-x86, r-release-linux-x86_64, r-release-windows-ix86+x86_64, r-release-osx-x86_64, r-oldrel-windows-ix86+x86_64, r-oldrel-osx-x86_64