CRAN Package Check Results for Package ordinalClust

Last updated on 2018-11-15 06:47:31 CET.

Flavor Version Tinstall Tcheck Ttotal Status Flags
r-devel-linux-x86_64-debian-clang 1.3.1 149.36 41.87 191.23 OK
r-devel-linux-x86_64-debian-gcc 1.3.1 130.84 33.52 164.36 OK
r-devel-linux-x86_64-fedora-clang 1.3.1 282.62 NOTE
r-devel-linux-x86_64-fedora-gcc 1.3.1 267.27 NOTE
r-devel-windows-ix86+x86_64 1.3.1 273.00 85.00 358.00 OK
r-patched-linux-x86_64 1.3.1 147.61 38.41 186.02 OK
r-patched-solaris-x86 1.3.1 270.60 NOTE
r-release-linux-x86_64 1.3.1 150.45 38.07 188.52 OK
r-release-windows-ix86+x86_64 1.3.1 391.00 79.00 470.00 OK
r-release-osx-x86_64 1.3.1 NOTE
r-oldrel-windows-ix86+x86_64 1.3.1 374.00 103.00 477.00 OK
r-oldrel-osx-x86_64 1.3.1 NOTE

Check Details

Version: 1.3.1
Check: installed package size
Result: NOTE
     installed size is 9.5Mb
     sub-directories of 1Mb or more:
     libs 9.2Mb
Flavors: r-devel-linux-x86_64-fedora-clang, r-release-osx-x86_64, r-oldrel-osx-x86_64

Version: 1.3.1
Check: dependencies in R code
Result: NOTE
    Namespace in Imports field not imported from: ‘methods’
     All declared Imports should be used.
Flavors: r-devel-linux-x86_64-fedora-clang, r-devel-linux-x86_64-fedora-gcc, r-patched-solaris-x86, r-release-osx-x86_64, r-oldrel-osx-x86_64