CRAN Package Check Results for Package ordinalClust

Last updated on 2018-05-23 13:48:47 CEST.

Flavor Version Tinstall Tcheck Ttotal Status Flags
r-devel-linux-x86_64-debian-clang 1.2.1 30.91 80.06 110.97 OK
r-devel-linux-x86_64-debian-gcc 1.2.1 25.17 38.46 63.63 WARN
r-devel-linux-x86_64-fedora-clang 1.2.1 155.15 OK
r-devel-linux-x86_64-fedora-gcc 1.2.1 148.98 OK
r-devel-windows-ix86+x86_64 1.2.1 86.00 145.00 231.00 OK
r-patched-linux-x86_64 1.2.1 34.28 75.57 109.85 OK
r-patched-solaris-x86 1.2.1 208.20 OK
r-release-linux-x86_64 1.2.1 32.84 74.17 107.01 OK
r-release-windows-ix86+x86_64 1.2.1 84.00 154.00 238.00 OK
r-release-osx-x86_64 1.2.1 OK
r-oldrel-windows-ix86+x86_64 1.2.1 69.00 160.00 229.00 OK
r-oldrel-osx-x86_64 1.2.1 OK

Check Details

Version: 1.2.1
Check: package dependencies
Result: NOTE
    Packages suggested but not available for checking: ‘caret’ ‘ggplot2’
Flavor: r-devel-linux-x86_64-debian-gcc

Version: 1.2.1
Check: re-building of vignette outputs
Result: WARN
    Error in re-building vignettes:
     ...
    Quitting from lines 84-103 (ordinalClust.Rmd)
    Error: processing vignette ‘ordinalClust.Rmd’ failed with diagnostics:
    there is no package called 'ggplot2'
    Execution halted
Flavor: r-devel-linux-x86_64-debian-gcc