CRAN Package Check Results for Package ordinalClust

Last updated on 2018-08-21 10:50:35 CEST.

Flavor Version Tinstall Tcheck Ttotal Status Flags
r-devel-linux-x86_64-debian-clang 1.3.1 135.76 41.20 176.96 OK
r-devel-linux-x86_64-debian-gcc 1.3.1 131.93 33.62 165.55 OK
r-devel-linux-x86_64-fedora-clang 1.3.1 258.71 NOTE
r-devel-linux-x86_64-fedora-gcc 1.3.1 264.82 NOTE
r-devel-windows-ix86+x86_64 1.3.1 381.00 115.00 496.00 OK
r-patched-linux-x86_64 1.3.1 152.94 37.30 190.24 OK
r-patched-solaris-x86 1.3.1 244.00 NOTE
r-release-linux-x86_64 1.3.1 156.79 37.20 193.99 OK
r-release-windows-ix86+x86_64 1.3.1 374.00 81.00 455.00 OK
r-release-osx-x86_64 1.3.1 NOTE
r-oldrel-windows-ix86+x86_64 1.3.1 286.00 71.00 357.00 OK
r-oldrel-osx-x86_64 1.3.1 NOTE

Check Details

Version: 1.3.1
Check: installed package size
Result: NOTE
     installed size is 9.0Mb
     sub-directories of 1Mb or more:
     libs 8.7Mb
Flavors: r-devel-linux-x86_64-fedora-clang, r-release-osx-x86_64, r-oldrel-osx-x86_64

Version: 1.3.1
Check: dependencies in R code
Result: NOTE
    Namespace in Imports field not imported from: ‘methods’
     All declared Imports should be used.
Flavors: r-devel-linux-x86_64-fedora-clang, r-devel-linux-x86_64-fedora-gcc, r-patched-solaris-x86, r-release-osx-x86_64, r-oldrel-osx-x86_64