Last updated on 2019-02-15 20:46:59 CET.
Flavor | Version | Tinstall | Tcheck | Ttotal | Status | Flags |
---|---|---|---|---|---|---|
r-devel-linux-x86_64-debian-clang | 1.3.1 | 138.75 | 38.44 | 177.19 | OK | |
r-devel-linux-x86_64-debian-gcc | 1.3.1 | 116.27 | 30.90 | 147.17 | OK | |
r-devel-linux-x86_64-fedora-clang | 1.3.1 | 283.21 | NOTE | |||
r-devel-linux-x86_64-fedora-gcc | 1.3.1 | 260.78 | NOTE | |||
r-devel-windows-ix86+x86_64 | 1.3.1 | 493.00 | 95.00 | 588.00 | OK | |
r-patched-linux-x86_64 | 1.3.1 | 141.95 | 37.54 | 179.49 | OK | |
r-patched-solaris-x86 | 1.3.1 | 247.80 | NOTE | |||
r-release-linux-x86_64 | 1.3.1 | 134.90 | 36.69 | 171.59 | OK | |
r-release-windows-ix86+x86_64 | 1.3.1 | 281.00 | 98.00 | 379.00 | OK | |
r-release-osx-x86_64 | 1.3.1 | NOTE | ||||
r-oldrel-windows-ix86+x86_64 | 1.3.1 | 379.00 | 102.00 | 481.00 | OK | |
r-oldrel-osx-x86_64 | 1.3.1 | NOTE |
Version: 1.3.1
Check: installed package size
Result: NOTE
installed size is 9.0Mb
sub-directories of 1Mb or more:
libs 8.8Mb
Flavors: r-devel-linux-x86_64-fedora-clang, r-release-osx-x86_64, r-oldrel-osx-x86_64
Version: 1.3.1
Check: dependencies in R code
Result: NOTE
Namespace in Imports field not imported from: ‘methods’
All declared Imports should be used.
Flavors: r-devel-linux-x86_64-fedora-clang, r-devel-linux-x86_64-fedora-gcc, r-patched-solaris-x86, r-release-osx-x86_64, r-oldrel-osx-x86_64