CRAN Package Check Results for Package ordinalForest

Last updated on 2021-05-13 22:51:08 CEST.

Flavor Version Tinstall Tcheck Ttotal Status Flags
r-devel-linux-x86_64-debian-clang 2.4-1 85.19 43.66 128.85 OK
r-devel-linux-x86_64-debian-gcc 2.4-1 60.01 33.35 93.36 OK
r-devel-linux-x86_64-fedora-clang 2.4-1 208.16 NOTE
r-devel-linux-x86_64-fedora-gcc 2.4-1 166.11 OK
r-devel-windows-ix86+x86_64 2.4-1 206.00 75.00 281.00 OK
r-devel-windows-x86_64-gcc10-UCRT 2.4-1 OK
r-patched-linux-x86_64 2.4-1 67.49 41.84 109.33 OK
r-patched-solaris-x86 2.4-1 267.70 OK
r-release-linux-x86_64 2.4-1 75.84 41.04 116.88 OK
r-release-macos-x86_64 2.4-1 NOTE
r-release-windows-ix86+x86_64 2.4-1 154.00 99.00 253.00 OK
r-oldrel-macos-x86_64 2.4-1 NOTE
r-oldrel-windows-ix86+x86_64 2.4-1 202.00 71.00 273.00 OK

Check Details

Version: 2.4-1
Check: installed package size
Result: NOTE
     installed size is 5.3Mb
     sub-directories of 1Mb or more:
     libs 5.1Mb
Flavors: r-devel-linux-x86_64-fedora-clang, r-release-macos-x86_64, r-oldrel-macos-x86_64