CRAN Package Check Results for Package oreo

Last updated on 2022-07-06 10:54:37 CEST.

Flavor Version Tinstall Tcheck Ttotal Status Flags
r-devel-linux-x86_64-debian-clang 1.0 4.30 40.50 44.80 OK
r-devel-linux-x86_64-debian-gcc 1.0 3.32 31.81 35.13 OK
r-devel-linux-x86_64-fedora-clang 1.0 65.98 NOTE
r-devel-linux-x86_64-fedora-gcc 1.0 65.15 NOTE
r-devel-windows-x86_64 1.0 14.00 68.00 82.00 OK
r-patched-linux-x86_64 1.0 5.21 39.84 45.05 OK
r-release-linux-x86_64 1.0 4.63 38.93 43.56 OK
r-release-macos-arm64 1.0 23.00 NOTE
r-release-macos-x86_64 1.0 40.00 NOTE
r-release-windows-x86_64 1.0 14.00 69.00 83.00 OK
r-oldrel-macos-arm64 1.0 27.00 NOTE
r-oldrel-macos-x86_64 1.0 37.00 NOTE
r-oldrel-windows-ix86+x86_64 1.0 12.00 62.00 74.00 OK

Check Details

Version: 1.0
Check: dependencies in R code
Result: NOTE
    Namespaces in Imports field not imported from:
     ‘ggplot2’ ‘gridExtra’ ‘scales’ ‘tools’
     All declared Imports should be used.
Flavors: r-devel-linux-x86_64-fedora-clang, r-devel-linux-x86_64-fedora-gcc, r-release-macos-arm64, r-release-macos-x86_64, r-oldrel-macos-arm64, r-oldrel-macos-x86_64