CRAN Package Check Results for Package orgutils

Last updated on 2019-04-20 17:49:27 CEST.

Flavor Version Tinstall Tcheck Ttotal Status Flags
r-devel-linux-x86_64-debian-clang 0.4-1 1.57 20.01 21.58 OK
r-devel-linux-x86_64-debian-gcc 0.4-1 1.98 19.75 21.73 OK
r-devel-linux-x86_64-fedora-clang 0.4-1 26.90 OK
r-devel-linux-x86_64-fedora-gcc 0.4-1 25.72 OK
r-devel-windows-ix86+x86_64 0.4-1 4.00 38.00 42.00 OK
r-patched-linux-x86_64 0.4-1 1.84 20.10 21.94 OK
r-patched-solaris-x86 0.4-1 40.90 OK
r-release-linux-x86_64 0.4-1 1.00 19.03 20.03 OK
r-release-windows-ix86+x86_64 0.4-1 2.00 45.00 47.00 OK
r-release-osx-x86_64 0.4-1 OK
r-oldrel-windows-ix86+x86_64 0.4-1 3.00 36.00 39.00 OK
r-oldrel-osx-x86_64 0.4-1 NOTE

Check Details

Version: 0.4-1
Check: re-building of vignette outputs
Result: NOTE
    Error in re-building vignettes:
     ...
    Loading required package: orgutils
    Error in texi2dvi(file = file, pdf = TRUE, clean = clean, quiet = quiet, :
     Running 'texi2dvi' on 'orgutils_examples.tex' failed.
    LaTeX errors:
    ! LaTeX Error: File `libertine.sty' not found.
    
    Type X to quit or <RETURN> to proceed,
    or enter new name. (Default extension: sty)
    
    ! Emergency stop.
    <read *>
    
    l.6 \usepackage
     [scaled=0.8]{DejaVuSansMono}^^M
    ! ==> Fatal error occurred, no output PDF file produced!
    Calls: buildVignettes -> texi2pdf -> texi2dvi
    Execution halted
Flavor: r-oldrel-osx-x86_64