CRAN Package Check Results for Package origami

Last updated on 2018-02-21 09:50:37 CET.

Flavor Version Tinstall Tcheck Ttotal Status Flags
r-devel-linux-x86_64-debian-clang 0.8.0 1.67 61.41 63.08 OK
r-devel-linux-x86_64-debian-gcc 0.8.0 1.28 45.30 46.58 OK
r-devel-linux-x86_64-fedora-clang 0.8.0 75.65 NOTE
r-devel-linux-x86_64-fedora-gcc 0.8.0 74.10 NOTE
r-devel-windows-ix86+x86_64 0.8.0 3.00 67.00 70.00 OK
r-patched-linux-x86_64 0.8.0 1.61 75.43 77.04 OK
r-patched-solaris-x86 0.8.0 120.60 NOTE
r-release-linux-x86_64 0.8.0 1.40 73.43 74.83 OK
r-release-windows-ix86+x86_64 0.8.0 9.00 132.00 141.00 OK
r-release-osx-x86_64 0.8.0 NOTE
r-oldrel-windows-ix86+x86_64 0.8.0 6.00 124.00 130.00 OK
r-oldrel-osx-x86_64 0.8.0 NOTE

Check Details

Version: 0.8.0
Check: dependencies in R code
Result: NOTE
    Namespace in Imports field not imported from: ‘methods’
     All declared Imports should be used.
Flavors: r-devel-linux-x86_64-fedora-clang, r-devel-linux-x86_64-fedora-gcc, r-patched-solaris-x86, r-release-osx-x86_64, r-oldrel-osx-x86_64