CRAN Package Check Results for Package oro.pet

Last updated on 2019-09-16 05:47:02 CEST.

Flavor Version Tinstall Tcheck Ttotal Status Flags
r-devel-linux-x86_64-debian-clang 0.2.6 7.64 65.86 73.50 OK
r-devel-linux-x86_64-debian-gcc 0.2.6 7.19 52.43 59.62 OK
r-devel-linux-x86_64-fedora-clang 0.2.6 91.19 NOTE
r-devel-linux-x86_64-fedora-gcc 0.2.6 100.52 NOTE
r-devel-windows-ix86+x86_64 0.2.6 23.00 77.00 100.00 OK
r-patched-linux-x86_64 0.2.6 8.17 65.31 73.48 OK
r-patched-solaris-x86 0.2.6 139.70 NOTE
r-release-linux-x86_64 0.2.6 7.44 65.83 73.27 OK
r-release-windows-ix86+x86_64 0.2.6 18.00 78.00 96.00 OK
r-release-osx-x86_64 0.2.6 NOTE
r-oldrel-windows-ix86+x86_64 0.2.6 14.00 73.00 87.00 OK
r-oldrel-osx-x86_64 0.2.6 NOTE

Check Details

Version: 0.2.6
Check: dependencies in R code
Result: NOTE
    Namespace in Imports field not imported from: ‘grDevices’
     All declared Imports should be used.
Flavors: r-devel-linux-x86_64-fedora-clang, r-devel-linux-x86_64-fedora-gcc, r-patched-solaris-x86, r-release-osx-x86_64, r-oldrel-osx-x86_64