CRAN Package Check Results for Package oro.pet

Last updated on 2020-01-19 15:47:38 CET.

Flavor Version Tinstall Tcheck Ttotal Status Flags
r-devel-linux-x86_64-debian-clang 0.2.6 9.04 73.35 82.39 OK
r-devel-linux-x86_64-debian-gcc 0.2.6 7.74 57.10 64.84 OK
r-devel-linux-x86_64-fedora-clang 0.2.6 100.04 NOTE
r-devel-linux-x86_64-fedora-gcc 0.2.6 97.25 NOTE
r-devel-windows-ix86+x86_64 0.2.6 28.00 77.00 105.00 OK
r-devel-windows-ix86+x86_64-gcc8 0.2.6 18.00 128.00 146.00 OK
r-patched-linux-x86_64 0.2.6 8.24 66.15 74.39 OK
r-patched-solaris-x86 0.2.6 135.20 NOTE
r-release-linux-x86_64 0.2.6 9.22 65.82 75.04 OK
r-release-windows-ix86+x86_64 0.2.6 22.00 73.00 95.00 OK
r-release-osx-x86_64 0.2.6 NOTE
r-oldrel-windows-ix86+x86_64 0.2.6 14.00 74.00 88.00 OK
r-oldrel-osx-x86_64 0.2.6 NOTE

Check Details

Version: 0.2.6
Check: dependencies in R code
Result: NOTE
    Namespace in Imports field not imported from: ‘grDevices’
     All declared Imports should be used.
Flavors: r-devel-linux-x86_64-fedora-clang, r-devel-linux-x86_64-fedora-gcc, r-patched-solaris-x86, r-release-osx-x86_64, r-oldrel-osx-x86_64