Last updated on 2022-05-25 07:50:26 CEST.
Flavor | Version | Tinstall | Tcheck | Ttotal | Status | Flags |
---|---|---|---|---|---|---|
r-devel-linux-x86_64-debian-clang | 0.6.4 | 290.99 | 121.83 | 412.82 | OK | |
r-devel-linux-x86_64-debian-gcc | 0.6.4 | 218.13 | 93.58 | 311.71 | OK | |
r-devel-linux-x86_64-fedora-clang | 0.6.4 | 607.08 | NOTE | |||
r-devel-linux-x86_64-fedora-gcc | 0.6.4 | 510.33 | OK | |||
r-devel-windows-x86_64 | 0.6.4 | 198.00 | 150.00 | 348.00 | OK | |
r-patched-linux-x86_64 | 0.6.4 | 244.41 | 119.28 | 363.69 | OK | |
r-release-linux-x86_64 | 0.6.4 | OK | ||||
r-release-macos-arm64 | 0.6.4 | 125.00 | NOTE | |||
r-release-macos-x86_64 | 0.6.4 | 174.00 | NOTE | |||
r-release-windows-x86_64 | 0.6.4 | 203.00 | 150.00 | 353.00 | OK | |
r-oldrel-macos-arm64 | 0.6.4 | 174.00 | NOTE | |||
r-oldrel-macos-x86_64 | 0.6.4 | 263.00 | NOTE | |||
r-oldrel-windows-ix86+x86_64 | 0.6.4 | 647.00 | 187.00 | 834.00 | OK |
Version: 0.6.4
Check: installed package size
Result: NOTE
installed size is 10.0Mb
sub-directories of 1Mb or more:
libs 9.7Mb
Flavors: r-devel-linux-x86_64-fedora-clang, r-release-macos-arm64, r-release-macos-x86_64, r-oldrel-macos-arm64, r-oldrel-macos-x86_64