CRAN Package Check Results for Package oshka

Last updated on 2024-07-14 20:51:06 CEST.

Flavor Version Tinstall Tcheck Ttotal Status Flags
r-devel-linux-x86_64-debian-clang 0.1.2 2.29 36.85 39.14 NOTE
r-devel-linux-x86_64-debian-gcc 0.1.2 1.59 28.37 29.96 NOTE
r-devel-linux-x86_64-fedora-clang 0.1.2 50.97 NOTE
r-devel-linux-x86_64-fedora-gcc 0.1.2 61.47 NOTE
r-devel-windows-x86_64 0.1.2 3.00 51.00 54.00 NOTE
r-patched-linux-x86_64 0.1.2 1.94 35.09 37.03 NOTE
r-release-linux-x86_64 0.1.2 2.05 35.11 37.16 NOTE
r-release-macos-arm64 0.1.2 24.00 NOTE
r-release-macos-x86_64 0.1.2 35.00 NOTE
r-release-windows-x86_64 0.1.2 3.00 50.00 53.00 NOTE
r-oldrel-macos-arm64 0.1.2 26.00 NOTE
r-oldrel-macos-x86_64 0.1.2 38.00 NOTE
r-oldrel-windows-x86_64 0.1.2 2.00 54.00 56.00 NOTE

Check Details

Version: 0.1.2
Check: LazyData
Result: NOTE 'LazyData' is specified without a 'data' directory Flavors: r-devel-linux-x86_64-debian-clang, r-devel-linux-x86_64-debian-gcc, r-devel-linux-x86_64-fedora-clang, r-devel-linux-x86_64-fedora-gcc, r-devel-windows-x86_64, r-patched-linux-x86_64, r-release-linux-x86_64, r-release-macos-arm64, r-release-macos-x86_64, r-release-windows-x86_64, r-oldrel-macos-arm64, r-oldrel-macos-x86_64, r-oldrel-windows-x86_64