CRAN Package Check Results for Package osmplotr

Last updated on 2018-11-17 13:47:37 CET.

Flavor Version Tinstall Tcheck Ttotal Status Flags
r-devel-linux-x86_64-debian-clang 0.3.0 8.09 190.35 198.44 OK
r-devel-linux-x86_64-debian-gcc 0.3.0 8.16 147.74 155.90 OK
r-devel-linux-x86_64-fedora-clang 0.3.0 260.04 NOTE
r-devel-linux-x86_64-fedora-gcc 0.3.0 227.98 OK
r-devel-windows-ix86+x86_64 0.3.0 19.00 258.00 277.00 NOTE
r-patched-linux-x86_64 0.3.0 9.43 186.47 195.90 OK
r-patched-solaris-x86 0.3.0 331.90 NOTE
r-release-linux-x86_64 0.3.0 7.94 184.91 192.85 OK
r-release-windows-ix86+x86_64 0.3.0 25.00 233.00 258.00 NOTE
r-release-osx-x86_64 0.3.0 NOTE
r-oldrel-windows-ix86+x86_64 0.3.0 20.00 211.00 231.00 NOTE
r-oldrel-osx-x86_64 0.3.0 NOTE

Check Details

Version: 0.3.0
Check: installed package size
Result: NOTE
     installed size is 6.5Mb
     sub-directories of 1Mb or more:
     doc 5.9Mb
Flavors: r-devel-linux-x86_64-fedora-clang, r-devel-windows-ix86+x86_64, r-patched-solaris-x86, r-release-windows-ix86+x86_64, r-release-osx-x86_64, r-oldrel-windows-ix86+x86_64, r-oldrel-osx-x86_64