CRAN Package Check Results for Package osmplotr

Last updated on 2018-08-19 02:47:56 CEST.

Flavor Version Tinstall Tcheck Ttotal Status Flags
r-devel-linux-x86_64-debian-clang 0.3.0 10.57 203.39 213.96 OK
r-devel-linux-x86_64-debian-gcc 0.3.0 8.77 157.04 165.81 OK
r-devel-linux-x86_64-fedora-clang 0.3.0 248.49 NOTE
r-devel-linux-x86_64-fedora-gcc 0.3.0 251.68 OK
r-devel-windows-ix86+x86_64 0.3.0 26.00 289.00 315.00 NOTE
r-patched-linux-x86_64 0.3.0 10.67 184.07 194.74 OK
r-patched-solaris-x86 0.3.0 327.80 NOTE
r-release-linux-x86_64 0.3.0 9.26 182.73 191.99 OK
r-release-windows-ix86+x86_64 0.3.0 22.00 186.00 208.00 NOTE
r-release-osx-x86_64 0.3.0 NOTE
r-oldrel-windows-ix86+x86_64 0.3.0 13.00 291.00 304.00 NOTE
r-oldrel-osx-x86_64 0.3.0 NOTE

Check Details

Version: 0.3.0
Check: installed package size
Result: NOTE
     installed size is 6.5Mb
     sub-directories of 1Mb or more:
     doc 5.9Mb
Flavors: r-devel-linux-x86_64-fedora-clang, r-devel-windows-ix86+x86_64, r-patched-solaris-x86, r-release-windows-ix86+x86_64, r-release-osx-x86_64, r-oldrel-windows-ix86+x86_64, r-oldrel-osx-x86_64