CRAN Package Check Results for Package osmplotr

Last updated on 2018-02-19 21:49:43 CET.

Flavor Version Tinstall Tcheck Ttotal Status Flags
r-devel-linux-x86_64-debian-clang 0.3.0 10.21 162.81 173.02 OK
r-devel-linux-x86_64-debian-gcc 0.3.0 7.56 136.68 144.24 OK
r-devel-linux-x86_64-fedora-clang 0.3.0 233.64 NOTE
r-devel-linux-x86_64-fedora-gcc 0.3.0 221.81 NOTE
r-devel-windows-ix86+x86_64 0.3.0 14.00 173.00 187.00 NOTE
r-patched-linux-x86_64 0.3.0 5.88 205.06 210.94 OK
r-patched-solaris-x86 0.3.0 323.60 NOTE
r-release-linux-x86_64 0.3.0 5.76 204.26 210.02 OK
r-release-windows-ix86+x86_64 0.3.0 17.00 216.00 233.00 NOTE
r-release-osx-x86_64 0.3.0 NOTE
r-oldrel-windows-ix86+x86_64 0.3.0 20.00 265.00 285.00 NOTE
r-oldrel-osx-x86_64 0.3.0 NOTE

Check Details

Version: 0.3.0
Check: installed package size
Result: NOTE
     installed size is 6.5Mb
     sub-directories of 1Mb or more:
     doc 5.9Mb
Flavors: r-devel-linux-x86_64-fedora-clang, r-devel-linux-x86_64-fedora-gcc, r-devel-windows-ix86+x86_64, r-patched-solaris-x86, r-release-windows-ix86+x86_64, r-release-osx-x86_64, r-oldrel-windows-ix86+x86_64, r-oldrel-osx-x86_64