CRAN Package Check Results for Package osmplotr

Last updated on 2018-05-25 20:46:54 CEST.

Flavor Version Tinstall Tcheck Ttotal Status Flags
r-devel-linux-x86_64-debian-clang 0.3.0 8.45 208.15 216.60 OK
r-devel-linux-x86_64-debian-gcc 0.3.0 9.53 157.48 167.01 OK
r-devel-linux-x86_64-fedora-clang 0.3.0 249.38 NOTE
r-devel-linux-x86_64-fedora-gcc 0.3.0 251.56 NOTE
r-devel-windows-ix86+x86_64 0.3.0 19.00 199.00 218.00 NOTE
r-patched-linux-x86_64 0.3.0 9.96 181.53 191.49 OK
r-patched-solaris-x86 0.3.0 315.80 NOTE
r-release-linux-x86_64 0.3.0 9.02 182.60 191.62 OK
r-release-windows-ix86+x86_64 0.3.0 20.00 270.00 290.00 NOTE
r-release-osx-x86_64 0.3.0 NOTE
r-oldrel-windows-ix86+x86_64 0.3.0 18.00 205.00 223.00 NOTE
r-oldrel-osx-x86_64 0.3.0 NOTE

Check Details

Version: 0.3.0
Check: installed package size
Result: NOTE
     installed size is 6.5Mb
     sub-directories of 1Mb or more:
     doc 5.9Mb
Flavors: r-devel-linux-x86_64-fedora-clang, r-devel-linux-x86_64-fedora-gcc, r-devel-windows-ix86+x86_64, r-patched-solaris-x86, r-release-windows-ix86+x86_64, r-release-osx-x86_64, r-oldrel-windows-ix86+x86_64, r-oldrel-osx-x86_64