CRAN Package Check Results for Package osmplotr

Last updated on 2019-02-16 12:02:35 CET.

Flavor Version Tinstall Tcheck Ttotal Status Flags
r-devel-linux-x86_64-debian-clang 0.3.2 10.03 232.26 242.29 OK
r-devel-linux-x86_64-debian-gcc 0.3.2 9.24 172.23 181.47 OK
r-devel-linux-x86_64-fedora-clang 0.3.2 279.42 NOTE
r-devel-linux-x86_64-fedora-gcc 0.3.2 265.80 OK
r-devel-windows-ix86+x86_64 0.3.2 27.00 317.00 344.00 NOTE
r-patched-linux-x86_64 0.3.2 10.33 211.56 221.89 OK
r-patched-solaris-x86 0.3.2 378.10 NOTE
r-release-linux-x86_64 0.3.2 10.91 211.90 222.81 OK
r-release-windows-ix86+x86_64 0.3.2 19.00 305.00 324.00 NOTE
r-release-osx-x86_64 0.3.2 NOTE
r-oldrel-windows-ix86+x86_64 0.3.2 27.00 360.00 387.00 NOTE
r-oldrel-osx-x86_64 0.3.2 NOTE

Check Details

Version: 0.3.2
Check: installed package size
Result: NOTE
     installed size is 8.1Mb
     sub-directories of 1Mb or more:
     doc 7.2Mb
Flavors: r-devel-linux-x86_64-fedora-clang, r-devel-windows-ix86+x86_64, r-patched-solaris-x86, r-release-windows-ix86+x86_64, r-release-osx-x86_64, r-oldrel-windows-ix86+x86_64, r-oldrel-osx-x86_64