CRAN Package Check Results for Package otvPlots

Last updated on 2018-10-20 03:50:28 CEST.

Flavor Version Tinstall Tcheck Ttotal Status Flags
r-devel-linux-x86_64-debian-clang 0.2.1 8.58 127.25 135.83 OK
r-devel-linux-x86_64-debian-gcc 0.2.1 6.14 94.81 100.95 OK
r-devel-linux-x86_64-fedora-clang 0.2.1 156.58 NOTE
r-devel-linux-x86_64-fedora-gcc 0.2.1 148.97 NOTE
r-devel-windows-ix86+x86_64 0.2.1 23.00 123.00 146.00 OK
r-patched-linux-x86_64 0.2.1 6.35 103.45 109.80 OK
r-patched-solaris-x86 0.2.1 197.60 NOTE
r-release-linux-x86_64 0.2.1 5.80 103.74 109.54 OK
r-release-windows-ix86+x86_64 0.2.1 22.00 156.00 178.00 OK
r-release-osx-x86_64 0.2.1 NOTE
r-oldrel-windows-ix86+x86_64 0.2.1 16.00 177.00 193.00 OK
r-oldrel-osx-x86_64 0.2.1 NOTE

Check Details

Version: 0.2.1
Check: dependencies in R code
Result: NOTE
    Namespace in Imports field not imported from: ‘quantreg’
     All declared Imports should be used.
Flavors: r-devel-linux-x86_64-fedora-clang, r-devel-linux-x86_64-fedora-gcc, r-patched-solaris-x86, r-release-osx-x86_64, r-oldrel-osx-x86_64