CRAN Package Check Results for Package otvPlots

Last updated on 2018-04-25 15:48:20 CEST.

Flavor Version Tinstall Tcheck Ttotal Status Flags
r-devel-linux-x86_64-debian-clang 0.2.0 6.20 106.94 113.14 OK
r-devel-linux-x86_64-debian-gcc 0.2.0 6.12 78.86 84.98 OK
r-devel-linux-x86_64-fedora-clang 0.2.0 136.13 NOTE
r-devel-linux-x86_64-fedora-gcc 0.2.0 128.15 NOTE
r-devel-windows-ix86+x86_64 0.2.0 19.00 120.00 139.00 OK
r-patched-linux-x86_64 0.2.0 5.20 99.19 104.39 OK
r-patched-solaris-x86 0.2.0 196.50 NOTE
r-release-linux-x86_64 0.2.0 6.25 98.62 104.87 OK
r-release-windows-ix86+x86_64 0.2.0 19.00 120.00 139.00 OK
r-release-osx-x86_64 0.2.0 NOTE
r-oldrel-windows-ix86+x86_64 0.2.0 13.00 128.00 141.00 OK
r-oldrel-osx-x86_64 0.2.0 NOTE

Check Details

Version: 0.2.0
Check: dependencies in R code
Result: NOTE
    Namespace in Imports field not imported from: ‘quantreg’
     All declared Imports should be used.
Flavors: r-devel-linux-x86_64-fedora-clang, r-devel-linux-x86_64-fedora-gcc, r-patched-solaris-x86, r-release-osx-x86_64, r-oldrel-osx-x86_64