CRAN Package Check Results for Package otvPlots

Last updated on 2018-01-20 10:46:43 CET.

Flavor Version Tinstall Tcheck Ttotal Status Flags
r-devel-linux-x86_64-debian-clang 0.2.0 5.51 117.00 122.51 OK
r-devel-linux-x86_64-debian-gcc 0.2.0 5.56 82.80 88.36 OK
r-devel-linux-x86_64-fedora-clang 0.2.0 144.38 NOTE
r-devel-linux-x86_64-fedora-gcc 0.2.0 140.40 NOTE
r-devel-windows-ix86+x86_64 0.2.0 12.00 109.00 121.00 OK
r-patched-linux-x86_64 0.2.0 5.52 112.60 118.12 OK
r-patched-solaris-x86 0.2.0 225.30 NOTE
r-release-linux-x86_64 0.2.0 5.31 112.08 117.39 OK
r-release-windows-ix86+x86_64 0.2.0 22.00 126.00 148.00 OK
r-release-osx-x86_64 0.2.0 NOTE
r-oldrel-windows-ix86+x86_64 0.2.0 18.00 157.00 175.00 OK
r-oldrel-osx-x86_64 0.2.0 NOTE

Check Details

Version: 0.2.0
Check: dependencies in R code
Result: NOTE
    Namespace in Imports field not imported from: ‘quantreg’
     All declared Imports should be used.
Flavors: r-devel-linux-x86_64-fedora-clang, r-devel-linux-x86_64-fedora-gcc, r-patched-solaris-x86, r-release-osx-x86_64, r-oldrel-osx-x86_64