CRAN Package Check Results for Package outbreaker2

Last updated on 2018-02-20 05:48:02 CET.

Flavor Version Tinstall Tcheck Ttotal Status Flags
r-devel-linux-x86_64-debian-clang 1.0-0 39.08 602.57 641.65 OK
r-devel-linux-x86_64-debian-gcc 1.0-0 35.07 556.46 591.53 OK
r-devel-linux-x86_64-fedora-clang 1.0-0 914.63 NOTE
r-devel-linux-x86_64-fedora-gcc 1.0-0 911.56 NOTE
r-devel-windows-ix86+x86_64 1.0-0 82.00 690.00 772.00 NOTE
r-patched-linux-x86_64 1.0-0 39.50 642.70 682.20 WARN
r-patched-solaris-x86 1.0-0 837.60 WARN
r-release-linux-x86_64 1.0-0 37.70 642.72 680.42 WARN
r-release-windows-ix86+x86_64 1.0-0 112.00 722.00 834.00 NOTE
r-release-osx-x86_64 1.0-0 WARN
r-oldrel-windows-ix86+x86_64 1.0-0 123.00 990.00 1113.00 NOTE
r-oldrel-osx-x86_64 1.0-0 WARN

Additional issues

clang-ASAN gcc-ASAN

Check Details

Version: 1.0-0
Check: installed package size
Result: NOTE
     installed size is 6.0Mb
     sub-directories of 1Mb or more:
     doc 3.7Mb
     libs 2.1Mb
Flavors: r-devel-linux-x86_64-fedora-clang, r-devel-linux-x86_64-fedora-gcc, r-devel-windows-ix86+x86_64, r-release-windows-ix86+x86_64, r-release-osx-x86_64, r-oldrel-windows-ix86+x86_64, r-oldrel-osx-x86_64

Version: 1.0-0
Check: re-building of vignette outputs
Result: WARN
    Error in re-building vignettes:
     ...
    Killed
Flavors: r-patched-linux-x86_64, r-release-linux-x86_64

Version: 1.0-0
Check: re-building of vignette outputs
Result: WARN
    Error in re-building vignettes:
     ...
    Warning in engine$weave(file, quiet = quiet, encoding = enc) :
     Pandoc (>= 1.12.3) and/or pandoc-citeproc not available. Falling back to R Markdown v1.
    Warning in engine$weave(file, quiet = quiet, encoding = enc) :
     Pandoc (>= 1.12.3) and/or pandoc-citeproc not available. Falling back to R Markdown v1.
    Warning in engine$weave(file, quiet = quiet, encoding = enc) :
     Pandoc (>= 1.12.3) and/or pandoc-citeproc not available. Falling back to R Markdown v1.
    Quitting from lines 185-198 (introduction.Rmd)
    Error: processing vignette 'introduction.Rmd' failed with diagnostics:
    cannot open the connection
    Execution halted
Flavors: r-patched-solaris-x86, r-release-osx-x86_64, r-oldrel-osx-x86_64