CRAN Package Check Results for Package outsider.base

Last updated on 2021-04-16 23:48:12 CEST.

Flavor Version Tinstall Tcheck Ttotal Status Flags
r-devel-linux-x86_64-debian-clang 0.1.3 3.05 31.83 34.88 WARN
r-devel-linux-x86_64-debian-gcc 0.1.3 2.56 24.72 27.28 WARN
r-devel-linux-x86_64-fedora-clang 0.1.3 51.77 WARN
r-devel-linux-x86_64-fedora-gcc 0.1.3 65.62 WARN
r-devel-windows-ix86+x86_64 0.1.3 8.00 41.00 49.00 WARN
r-devel-windows-x86_64-gcc10-UCRT 0.1.3 WARN
r-patched-linux-x86_64 0.1.3 3.19 30.58 33.77 NOTE
r-patched-solaris-x86 0.1.3 62.90 NOTE
r-release-linux-x86_64 0.1.3 2.59 30.64 33.23 NOTE
r-release-macos-x86_64 0.1.3 NOTE
r-release-windows-ix86+x86_64 0.1.3 15.00 53.00 68.00 NOTE
r-oldrel-macos-x86_64 0.1.3 NOTE
r-oldrel-windows-ix86+x86_64 0.1.3 4.00 46.00 50.00 NOTE

Additional issues

donttest

Check Details

Version: 0.1.3
Check: dependencies in R code
Result: WARN
    Missing or unexported object: 'devtools::inst'
Flavors: r-devel-linux-x86_64-debian-clang, r-devel-linux-x86_64-debian-gcc, r-devel-windows-ix86+x86_64

Version: 0.1.3
Check: LazyData
Result: NOTE
     'LazyData' is specified without a 'data' directory
Flavors: r-devel-linux-x86_64-debian-clang, r-devel-linux-x86_64-debian-gcc, r-devel-linux-x86_64-fedora-clang, r-devel-linux-x86_64-fedora-gcc, r-devel-windows-ix86+x86_64, r-devel-windows-x86_64-gcc10-UCRT

Version: 0.1.3
Check: dependencies in R code
Result: WARN
    Namespaces in Imports field not imported from:
     ‘jsonlite’ ‘praise’ ‘withr’
     All declared Imports should be used.
    Missing or unexported object: ‘devtools::inst’
Flavors: r-devel-linux-x86_64-fedora-clang, r-devel-linux-x86_64-fedora-gcc, r-devel-windows-x86_64-gcc10-UCRT

Version: 0.1.3
Check: dependencies in R code
Result: NOTE
    Missing or unexported object: ‘devtools::inst’
Flavors: r-patched-linux-x86_64, r-release-linux-x86_64, r-release-windows-ix86+x86_64, r-oldrel-windows-ix86+x86_64

Version: 0.1.3
Check: package dependencies
Result: NOTE
    Package suggested but not available for checking: ‘ssh’
Flavor: r-patched-solaris-x86

Version: 0.1.3
Check: dependencies in R code
Result: NOTE
    Namespaces in Imports field not imported from:
     ‘jsonlite’ ‘praise’ ‘withr’
     All declared Imports should be used.
    Missing or unexported object: ‘devtools::inst’
Flavor: r-patched-solaris-x86

Version: 0.1.3
Check: dependencies in R code
Result: NOTE
    Namespaces in Imports field not imported from:
     ‘jsonlite’ ‘praise’ ‘withr’
     All declared Imports should be used.
Flavors: r-release-macos-x86_64, r-oldrel-macos-x86_64