CRAN Package Check Results for Package overture

Last updated on 2024-07-14 20:51:06 CEST.

Flavor Version Tinstall Tcheck Ttotal Status Flags
r-devel-linux-x86_64-debian-clang 0.4-0 2.33 34.64 36.97 NOTE
r-devel-linux-x86_64-debian-gcc 0.4-0 1.88 24.97 26.85 NOTE
r-devel-linux-x86_64-fedora-clang 0.4-0 45.78 NOTE
r-devel-linux-x86_64-fedora-gcc 0.4-0 55.25 NOTE
r-devel-windows-x86_64 0.4-0 2.00 47.00 49.00 NOTE
r-patched-linux-x86_64 0.4-0 4.81 32.77 37.58 NOTE
r-release-linux-x86_64 0.4-0 2.27 32.56 34.83 NOTE
r-release-macos-arm64 0.4-0 22.00 NOTE
r-release-macos-x86_64 0.4-0 33.00 NOTE
r-release-windows-x86_64 0.4-0 3.00 48.00 51.00 NOTE
r-oldrel-macos-arm64 0.4-0 24.00 NOTE
r-oldrel-macos-x86_64 0.4-0 35.00 NOTE
r-oldrel-windows-x86_64 0.4-0 3.00 51.00 54.00 NOTE

Check Details

Version: 0.4-0
Check: LazyData
Result: NOTE 'LazyData' is specified without a 'data' directory Flavors: r-devel-linux-x86_64-debian-clang, r-devel-linux-x86_64-debian-gcc, r-devel-linux-x86_64-fedora-clang, r-devel-linux-x86_64-fedora-gcc, r-devel-windows-x86_64, r-patched-linux-x86_64, r-release-linux-x86_64, r-release-macos-arm64, r-release-macos-x86_64, r-release-windows-x86_64, r-oldrel-macos-arm64, r-oldrel-macos-x86_64, r-oldrel-windows-x86_64

Version: 0.4-0
Check: Rd cross-references
Result: NOTE Found the following Rd file(s) with Rd \link{} targets missing package anchors: InitMcmc.Rd: big.matrix, bigmemory LoadMcmc.Rd: big.matrix, attach.big.matrix Peek.Rd: big.matrix Resume.Rd: big.matrix ToMemory.Rd: big.matrix Please provide package anchors for all Rd \link{} targets not in the package itself and the base packages. Flavor: r-devel-windows-x86_64