CRAN Package Check Results for Package owdbr

Last updated on 2020-02-27 17:51:02 CET.

Flavor Version Tinstall Tcheck Ttotal Status Flags
r-devel-linux-x86_64-debian-clang 1.0.1.1 2.69 23.59 26.28 OK
r-devel-linux-x86_64-debian-gcc 1.0.1.1 2.24 18.86 21.10 OK
r-devel-linux-x86_64-fedora-clang 1.0.1.1 32.77 OK
r-devel-linux-x86_64-fedora-gcc 1.0.1.1 31.45 OK
r-devel-windows-ix86+x86_64 1.0.1.1 6.00 34.00 40.00 OK
r-devel-windows-ix86+x86_64-gcc8 1.0.1.1 6.00 34.00 40.00 OK
r-patched-linux-x86_64 1.0.1.1 2.16 21.87 24.03 NOTE
r-patched-solaris-x86 1.0.1.1 46.40 OK
r-release-linux-x86_64 1.0.1.1 2.15 21.50 23.65 NOTE
r-release-windows-ix86+x86_64 1.0.1.1 6.00 36.00 42.00 OK
r-release-osx-x86_64 1.0.1.1 OK
r-oldrel-windows-ix86+x86_64 1.0.1.1 3.00 41.00 44.00 OK
r-oldrel-osx-x86_64 1.0.1.1 OK

Check Details

Version: 1.0.1.1
Check: DESCRIPTION meta-information
Result: NOTE
    Dependence on R version ‘3.4.4’ not with patchlevel 0
Flavors: r-patched-linux-x86_64, r-release-linux-x86_64