CRAN Package Check Results for Package oxcAAR

Last updated on 2018-02-17 21:49:32 CET.

Flavor Version Tinstall Tcheck Ttotal Status Flags
r-devel-linux-x86_64-debian-clang 1.0.0 1.51 43.03 44.54 OK
r-devel-linux-x86_64-debian-gcc 1.0.0 1.39 34.62 36.01 OK
r-devel-linux-x86_64-fedora-clang 1.0.0 71.55 OK
r-devel-linux-x86_64-fedora-gcc 1.0.0 69.96 OK
r-devel-windows-ix86+x86_64 1.0.0 3.00 59.00 62.00 OK
r-patched-linux-x86_64 1.0.0 1.06 45.38 46.44 OK
r-patched-solaris-x86 1.0.0 47.10 ERROR
r-release-linux-x86_64 1.0.0 0.89 59.25 60.14 OK
r-release-windows-ix86+x86_64 1.0.0 4.00 79.00 83.00 OK
r-release-osx-x86_64 1.0.0 OK
r-oldrel-windows-ix86+x86_64 1.0.0 3.00 78.00 81.00 OK

Check Details

Version: 1.0.0
Check: tests
Result: ERROR
     Running ‘testthat.R’
    Running the tests in ‘tests/testthat.R’ failed.
    Complete output:
     > library(testthat)
     > library(oxcAAR)
     >
     > test_check("oxcAAR")
     sh: /home/ripley/R/packages/tests32/oxcAAR.Rcheck/tests/testthat/ox_output.js: cannot execute
     ── 1. Failure: quickSetupOxcal downloads oxcal and sets correct path (@test_util
     `quickSetupOxcal()` threw an error.
     Message: argument is of length zero
     Class: simpleError/error/condition
    
     ── 2. Failure: quickSetupOxcal downloads oxcal and sets correct path (@test_util
     dir.exists("OxCal/bin/") isn't true.
    
     ── 3. Failure: quickSetupOxcal downloads oxcal and sets correct path (@test_util
     `%in%`(...) isn't true.
    
     ══ testthat results ═══════════════════════════════════════════════════════════
     OK: 94 SKIPPED: 0 FAILED: 3
     1. Failure: quickSetupOxcal downloads oxcal and sets correct path (@test_utility_functions.R#30)
     2. Failure: quickSetupOxcal downloads oxcal and sets correct path (@test_utility_functions.R#31)
     3. Failure: quickSetupOxcal downloads oxcal and sets correct path (@test_utility_functions.R#32)
    
     Error: testthat unit tests failed
     Execution halted
Flavor: r-patched-solaris-x86

Version: 1.0.0
Check: re-building of vignette outputs
Result: WARN
    Error in re-building vignettes:
     ...
    Warning in engine$weave(file, quiet = quiet, encoding = enc) :
     Pandoc (>= 1.12.3) and/or pandoc-citeproc not available. Falling back to R Markdown v1.
    Quitting from lines 24-30 (basic-usage.Rmd)
    Error: processing vignette 'basic-usage.Rmd' failed with diagnostics:
    argument is of length zero
    Execution halted
Flavor: r-patched-solaris-x86