Last updated on 2022-06-30 23:52:20 CEST.
Flavor | Version | Tinstall | Tcheck | Ttotal | Status | Flags |
---|---|---|---|---|---|---|
r-devel-linux-x86_64-debian-clang | 0.4.5 | 10.10 | 79.70 | 89.80 | OK | |
r-devel-linux-x86_64-debian-gcc | 0.4.5 | 8.68 | 60.32 | 69.00 | OK | |
r-devel-linux-x86_64-fedora-clang | 0.4.5 | 115.66 | OK | |||
r-devel-linux-x86_64-fedora-gcc | 0.4.5 | 114.12 | OK | |||
r-devel-windows-x86_64 | 0.4.5 | 32.00 | 105.00 | 137.00 | OK | |
r-patched-linux-x86_64 | 0.4.5 | 10.53 | 74.53 | 85.06 | OK | |
r-release-linux-x86_64 | 0.4.5 | 10.84 | 74.34 | 85.18 | OK | |
r-release-macos-arm64 | 0.4.5 | 36.00 | NOTE | |||
r-release-macos-x86_64 | 0.4.5 | 51.00 | OK | |||
r-release-windows-x86_64 | 0.4.5 | 33.00 | 106.00 | 139.00 | OK | |
r-oldrel-macos-arm64 | 0.4.5 | 35.00 | NOTE | |||
r-oldrel-macos-x86_64 | 0.4.5 | 48.00 | OK | |||
r-oldrel-windows-ix86+x86_64 | 0.4.5 | 22.00 | 99.00 | 121.00 | OK |
Version: 0.4.5
Check: installed package size
Result: NOTE
installed size is 5.1Mb
sub-directories of 1Mb or more:
data 4.0Mb
Flavors: r-release-macos-arm64, r-oldrel-macos-arm64