CRAN Package Check Results for Package pGMGM

Last updated on 2019-09-16 00:47:48 CEST.

Flavor Version Tinstall Tcheck Ttotal Status Flags
r-devel-linux-x86_64-debian-clang 1.0 5.25 40.52 45.77 OK
r-devel-linux-x86_64-debian-gcc 1.0 4.57 30.12 34.69 OK
r-devel-linux-x86_64-fedora-clang 1.0 55.53 NOTE
r-devel-linux-x86_64-fedora-gcc 1.0 56.69 NOTE
r-devel-windows-ix86+x86_64 1.0 19.00 75.00 94.00 OK
r-patched-linux-x86_64 1.0 4.98 39.58 44.56 OK
r-patched-solaris-x86 1.0 93.40 OK
r-release-linux-x86_64 1.0 5.50 39.45 44.95 OK
r-release-windows-ix86+x86_64 1.0 14.00 108.00 122.00 OK
r-release-osx-x86_64 1.0 OK
r-oldrel-windows-ix86+x86_64 1.0 17.00 63.00 80.00 OK
r-oldrel-osx-x86_64 1.0 OK

Check Details

Version: 1.0
Check: compiled code
Result: NOTE
    File ‘pGMGM/libs/pGMGM.so’:
     Found no calls to: ‘R_registerRoutines’, ‘R_useDynamicSymbols’
    
    It is good practice to register native routines and to disable symbol
    search.
    
    See ‘Writing portable packages’ in the ‘Writing R Extensions’ manual.
Flavors: r-devel-linux-x86_64-fedora-clang, r-devel-linux-x86_64-fedora-gcc