CRAN Package Check Results for Package pGMGM

Last updated on 2020-01-27 02:47:22 CET.

Flavor Version Tinstall Tcheck Ttotal Status Flags
r-devel-linux-x86_64-debian-clang 1.0 5.95 42.92 48.87 OK
r-devel-linux-x86_64-debian-gcc 1.0 4.45 32.27 36.72 OK
r-devel-linux-x86_64-fedora-clang 1.0 59.26 NOTE
r-devel-linux-x86_64-fedora-gcc 1.0 57.53 NOTE
r-devel-windows-ix86+x86_64 1.0 18.00 118.00 136.00 OK
r-devel-windows-ix86+x86_64-gcc8 1.0 22.00 116.00 138.00 OK
r-patched-linux-x86_64 1.0 4.46 38.47 42.93 OK
r-patched-solaris-x86 1.0 83.80 OK
r-release-linux-x86_64 1.0 5.08 38.51 43.59 OK
r-release-windows-ix86+x86_64 1.0 17.00 88.00 105.00 OK
r-release-osx-x86_64 1.0 OK
r-oldrel-windows-ix86+x86_64 1.0 12.00 87.00 99.00 OK
r-oldrel-osx-x86_64 1.0 OK

Check Details

Version: 1.0
Check: compiled code
Result: NOTE
    File ‘pGMGM/libs/pGMGM.so’:
     Found no calls to: ‘R_registerRoutines’, ‘R_useDynamicSymbols’
    
    It is good practice to register native routines and to disable symbol
    search.
    
    See ‘Writing portable packages’ in the ‘Writing R Extensions’ manual.
Flavors: r-devel-linux-x86_64-fedora-clang, r-devel-linux-x86_64-fedora-gcc