Last updated on 2021-04-15 02:47:47 CEST.
Flavor | Version | Tinstall | Tcheck | Ttotal | Status | Flags |
---|---|---|---|---|---|---|
r-devel-linux-x86_64-debian-clang | 0.0.6 | 3.10 | 28.69 | 31.79 | NOTE | |
r-devel-linux-x86_64-debian-gcc | 0.0.6 | 2.61 | 22.45 | 25.06 | NOTE | |
r-devel-linux-x86_64-fedora-clang | 0.0.6 | 48.17 | NOTE | |||
r-devel-linux-x86_64-fedora-gcc | 0.0.6 | 39.12 | NOTE | |||
r-devel-windows-ix86+x86_64 | 0.0.6 | 9.00 | 36.00 | 45.00 | NOTE | |
r-devel-windows-x86_64-gcc10-UCRT | 0.0.6 | NOTE | ||||
r-patched-linux-x86_64 | 0.0.6 | 2.76 | 27.68 | 30.44 | OK | |
r-patched-solaris-x86 | 0.0.6 | 57.20 | OK | |||
r-release-linux-x86_64 | 0.0.6 | 2.46 | 27.54 | 30.00 | OK | |
r-release-macos-x86_64 | 0.0.6 | OK | ||||
r-release-windows-ix86+x86_64 | 0.0.6 | 29.00 | 48.00 | 77.00 | OK | |
r-oldrel-macos-x86_64 | 0.0.6 | OK | ||||
r-oldrel-windows-ix86+x86_64 | 0.0.6 | 5.00 | 32.00 | 37.00 | OK |
Version: 0.0.6
Check: LazyData
Result: NOTE
'LazyData' is specified without a 'data' directory
Flavors: r-devel-linux-x86_64-debian-clang, r-devel-linux-x86_64-debian-gcc, r-devel-linux-x86_64-fedora-clang, r-devel-linux-x86_64-fedora-gcc, r-devel-windows-ix86+x86_64, r-devel-windows-x86_64-gcc10-UCRT