Last updated on 2022-06-30 23:52:20 CEST.
Flavor | Version | Tinstall | Tcheck | Ttotal | Status | Flags |
---|---|---|---|---|---|---|
r-devel-linux-x86_64-debian-clang | 0.4.1 | 116.83 | 169.24 | 286.07 | OK | |
r-devel-linux-x86_64-debian-gcc | 0.4.1 | 95.15 | 114.47 | 209.62 | OK | |
r-devel-linux-x86_64-fedora-clang | 0.4.1 | 399.13 | OK | |||
r-devel-linux-x86_64-fedora-gcc | 0.4.1 | 370.28 | OK | |||
r-devel-windows-x86_64 | 0.4.1 | 125.00 | 206.00 | 331.00 | OK | |
r-patched-linux-x86_64 | 0.4.1 | 105.74 | 158.74 | 264.48 | OK | |
r-release-linux-x86_64 | 0.4.1 | 101.26 | 160.50 | 261.76 | OK | |
r-release-macos-arm64 | 0.4.1 | 100.00 | NOTE | |||
r-release-macos-x86_64 | 0.4.1 | 157.00 | NOTE | |||
r-release-windows-x86_64 | 0.4.1 | 115.00 | 219.00 | 334.00 | OK | |
r-oldrel-macos-arm64 | 0.4.1 | 102.00 | NOTE | |||
r-oldrel-macos-x86_64 | 0.4.1 | 129.00 | NOTE | |||
r-oldrel-windows-ix86+x86_64 | 0.4.1 | 288.00 | 366.00 | 654.00 | OK |
Version: 0.4.1
Check: installed package size
Result: NOTE
installed size is 5.8Mb
sub-directories of 1Mb or more:
libs 5.5Mb
Flavors: r-release-macos-arm64, r-release-macos-x86_64, r-oldrel-macos-arm64, r-oldrel-macos-x86_64