CRAN Package Check Results for Package pafdR

Last updated on 2018-05-25 04:50:30 CEST.

Flavor Version Tinstall Tcheck Ttotal Status Flags
r-devel-linux-x86_64-debian-clang 1.0 0.96 20.09 21.05 OK
r-devel-linux-x86_64-debian-gcc 1.0 0.92 17.49 18.41 OK
r-devel-linux-x86_64-fedora-clang 1.0 27.61 OK
r-devel-linux-x86_64-fedora-gcc 1.0 26.43 OK
r-devel-windows-ix86+x86_64 1.0 3.00 31.00 34.00 OK
r-patched-linux-x86_64 1.0 1.02 20.61 21.63 NOTE
r-patched-solaris-x86 1.0 44.40 OK
r-release-linux-x86_64 1.0 1.14 20.55 21.69 NOTE
r-release-windows-ix86+x86_64 1.0 4.00 47.00 51.00 OK
r-release-osx-x86_64 1.0 OK
r-oldrel-windows-ix86+x86_64 1.0 4.00 31.00 35.00 OK
r-oldrel-osx-x86_64 1.0 OK

Check Details

Version: 1.0
Check: DESCRIPTION meta-information
Result: NOTE
    Dependence on R version ‘3.3.3’ not with patchlevel 0
Flavors: r-patched-linux-x86_64, r-release-linux-x86_64