CRAN Package Check Results for Package pafdR

Last updated on 2019-02-16 13:46:30 CET.

Flavor Version Tinstall Tcheck Ttotal Status Flags
r-devel-linux-x86_64-debian-clang 1.0 1.50 21.93 23.43 OK
r-devel-linux-x86_64-debian-gcc 1.0 1.24 18.14 19.38 OK
r-devel-linux-x86_64-fedora-clang 1.0 29.84 OK
r-devel-linux-x86_64-fedora-gcc 1.0 27.27 OK
r-devel-windows-ix86+x86_64 1.0 9.00 46.00 55.00 OK
r-patched-linux-x86_64 1.0 1.12 20.66 21.78 NOTE
r-patched-solaris-x86 1.0 43.70 OK
r-release-linux-x86_64 1.0 NOTE
r-release-windows-ix86+x86_64 1.0 3.00 46.00 49.00 OK
r-release-osx-x86_64 1.0 OK
r-oldrel-windows-ix86+x86_64 1.0 4.00 81.00 85.00 OK
r-oldrel-osx-x86_64 1.0 OK

Check Details

Version: 1.0
Check: DESCRIPTION meta-information
Result: NOTE
    Dependence on R version ‘3.3.3’ not with patchlevel 0
Flavors: r-patched-linux-x86_64, r-release-linux-x86_64