CRAN Package Check Results for Package pafdR

Last updated on 2018-08-19 02:47:56 CEST.

Flavor Version Tinstall Tcheck Ttotal Status Flags
r-devel-linux-x86_64-debian-clang 1.0 1.14 22.72 23.86 OK
r-devel-linux-x86_64-debian-gcc 1.0 0.98 18.42 19.40 OK
r-devel-linux-x86_64-fedora-clang 1.0 28.71 OK
r-devel-linux-x86_64-fedora-gcc 1.0 27.77 OK
r-devel-windows-ix86+x86_64 1.0 6.00 48.00 54.00 OK
r-patched-linux-x86_64 1.0 1.08 20.94 22.02 NOTE
r-patched-solaris-x86 1.0 45.10 OK
r-release-linux-x86_64 1.0 0.90 20.72 21.62 NOTE
r-release-windows-ix86+x86_64 1.0 6.00 33.00 39.00 OK
r-release-osx-x86_64 1.0 OK
r-oldrel-windows-ix86+x86_64 1.0 3.00 44.00 47.00 OK
r-oldrel-osx-x86_64 1.0 OK

Check Details

Version: 1.0
Check: DESCRIPTION meta-information
Result: NOTE
    Dependence on R version ‘3.3.3’ not with patchlevel 0
Flavors: r-patched-linux-x86_64, r-release-linux-x86_64