CRAN Package Check Results for Package pafdR

Last updated on 2018-02-23 16:48:45 CET.

Flavor Version Tinstall Tcheck Ttotal Status Flags
r-devel-linux-x86_64-debian-clang 1.0 1.12 20.81 21.93 NOTE
r-devel-linux-x86_64-debian-gcc 1.0 0.68 16.56 17.24 NOTE
r-devel-linux-x86_64-fedora-clang 1.0 26.67 NOTE
r-devel-linux-x86_64-fedora-gcc 1.0 24.85 NOTE
r-devel-windows-ix86+x86_64 1.0 5.00 43.00 48.00 OK
r-patched-linux-x86_64 1.0 0.88 21.21 22.09 OK
r-patched-solaris-x86 1.0 37.90 OK
r-release-linux-x86_64 1.0 0.95 21.15 22.10 OK
r-release-windows-ix86+x86_64 1.0 2.00 40.00 42.00 OK
r-release-osx-x86_64 1.0 OK
r-oldrel-windows-ix86+x86_64 1.0 3.00 30.00 33.00 OK
r-oldrel-osx-x86_64 1.0 ERROR

Check Details

Version: 1.0
Check: DESCRIPTION meta-information
Result: NOTE
    Dependence on R version ‘3.3.3’ not with patchlevel 0
Flavors: r-devel-linux-x86_64-debian-clang, r-devel-linux-x86_64-debian-gcc, r-devel-linux-x86_64-fedora-clang, r-devel-linux-x86_64-fedora-gcc

Version: 1.0
Check: whether package can be installed
Result: ERROR
    Installation failed.
Flavor: r-oldrel-osx-x86_64