CRAN Package Check Results for Package pafr

Last updated on 2024-02-21 11:56:31 CET.

Flavor Version Tinstall Tcheck Ttotal Status Flags
r-devel-linux-x86_64-debian-clang 0.0.2 NOTE
r-devel-linux-x86_64-debian-gcc 0.0.2 4.92 68.65 73.57 NOTE
r-devel-linux-x86_64-fedora-clang 0.0.2 118.87 NOTE
r-devel-linux-x86_64-fedora-gcc 0.0.2 128.48 NOTE
r-devel-windows-x86_64 0.0.2 7.00 84.00 91.00 NOTE
r-patched-linux-x86_64 0.0.2 11.65 87.88 99.53 NOTE
r-release-linux-x86_64 0.0.2 6.53 89.54 96.07 NOTE
r-release-macos-arm64 0.0.2 46.00 NOTE
r-release-macos-x86_64 0.0.2 72.00 NOTE
r-release-windows-x86_64 0.0.2 9.00 99.00 108.00 NOTE
r-oldrel-macos-arm64 0.0.2 34.00 NOTE
r-oldrel-windows-x86_64 0.0.2 9.00 103.00 112.00 NOTE

Check Details

Version: 0.0.2
Check: LazyData
Result: NOTE 'LazyData' is specified without a 'data' directory Flavors: r-devel-linux-x86_64-debian-clang, r-devel-linux-x86_64-debian-gcc, r-devel-linux-x86_64-fedora-clang, r-devel-linux-x86_64-fedora-gcc, r-devel-windows-x86_64, r-patched-linux-x86_64, r-release-linux-x86_64, r-release-macos-arm64, r-release-macos-x86_64, r-release-windows-x86_64, r-oldrel-macos-arm64, r-oldrel-windows-x86_64